-- https://www.phpmyadmin.net/
--

START TRANSACTION;



--
-- Database: `dwreqvsc_finance`
--

-- --------------------------------------------------------

--
-- Table structure for table `aboutus_page`
--

CREATE TABLE `aboutus_page` (
  `id` int(11) NOT NULL,
  `main_heading` text DEFAULT NULL,
  `main_description` text DEFAULT NULL,
  `heading1` text DEFAULT NULL,
  `heading2` text DEFAULT NULL,
  `heading3` text DEFAULT NULL,
  `description1` text DEFAULT NULL,
  `description2` text DEFAULT NULL,
  `description3` text DEFAULT NULL,
  `image` text DEFAULT NULL,
  `created_at` timestamp NOT NULL DEFAULT current_timestamp(),
  `updated_at` timestamp NULL DEFAULT NULL ON UPDATE current_timestamp()
) ENGINE=InnoDB DEFAULT CHARSET=utf8mb4 COLLATE=utf8mb4_general_ci;

--
-- Dumping data for table `aboutus_page`
--

INSERT INTO `aboutus_page` (`id`, `main_heading`, `main_description`, `heading1`, `heading2`, `heading3`, `description1`, `description2`, `description3`, `image`, `created_at`, `updated_at`) VALUES
(1, 'We Care About Your Investments', 'Invest-wize is an automated platform driven by cutting-edge financial algorithms designed to unlock the full potential of the financial market. With a commitment to innovation and transparency, we provide investors with a seamless experience, offering daily returns ranging from 0.66% to 1% of capital, with the flexibility to withdraw profits daily.', 'Our Mission', 'Our Experience', 'Our Vision', 'At Invest-wize, our mission is to democratize access to advanced investment strategies, empowering individuals from all walks of life to achieve financial success. We strive to provide our users with the tools, resources, and support they need to navigate the complexities of the financial market with confidence and ease.', 'Backed by a team of experienced professionals in finance, technology, and artificial intelligence, Invest-wize leverages the latest innovations to deliver consistent returns and optimize investment outcomes. With a relentless focus on performance and reliability, we are committed to helping our users achieve their financial goals.', 'Our vision is to become a global leader in automated investing, revolutionizing the way people approach wealth management and financial planning. By harnessing the power of technology and data-driven insights, we aim to empower individuals to build and grow their wealth, ultimately creating a more inclusive and prosperous future for all.', '1708592021about-2.jpg', '2024-02-22 08:47:35', '2024-02-22 03:59:47');

-- --------------------------------------------------------

--
-- Table structure for table `banner`
--

CREATE TABLE `banner` (
  `id` int(11) NOT NULL,
  `heading` text DEFAULT NULL,
  `description` text DEFAULT NULL,
  `count` text DEFAULT NULL,
  `image1` text DEFAULT NULL,
  `heading1` text DEFAULT NULL,
  `description1` text DEFAULT NULL,
  `image2` text DEFAULT NULL,
  `heading2` text DEFAULT NULL,
  `description2` text DEFAULT NULL,
  `image3` text DEFAULT NULL,
  `heading3` text DEFAULT NULL,
  `description3` text DEFAULT NULL,
  `created_at` timestamp NOT NULL DEFAULT current_timestamp(),
  `updated_at` timestamp NULL DEFAULT NULL ON UPDATE current_timestamp()
) ENGINE=InnoDB DEFAULT CHARSET=utf8mb4 COLLATE=utf8mb4_general_ci;

--
-- Dumping data for table `banner`
--

INSERT INTO `banner` (`id`, `heading`, `description`, `count`, `image1`, `heading1`, `description1`, `image2`, `heading2`, `description2`, `image3`, `heading3`, `description3`, `created_at`, `updated_at`) VALUES
(1, 'Years of Struggle — Better Strategy With Quality Business', 'At Invest-wize, we\'re revolutionizing the way you invest. Our cutting-edge artificial intelligence algorithm is designed to navigate the complexities of the financial market, delivering consistent daily returns between 0.66% and 1% per day.', '5', '1708587120feature-1.jpg', 'AI-Powered Investment', '<p>Data analysis: our artificial intelligence algorithm uses advanced data analysis techniques to process large volumes of financial information in real time. It identifies market trends, asset behavior patterns and investment opportunities.&nbsp;</p><p><br>Data-driven decision-making: The Al algorithm makes factual, objective investment decisions based on hard data and in-depth analysis. This eliminates emotional bias and human error in the decision-making process.&nbsp;</p><p><br>Adaptability and continuous learning: The Al algorithm is able to adapt quickly to market changes and learn from past experience. It constantly improves by integrating new information and adjusting its investment strategies to optimize returns.&nbsp;</p><p><br>Risk management: The Al algorithm incorporates risk management mechanisms to protect your capital and minimize potential losses. It constantly monitors risk indicators and adjusts investment positions accordingly to ensure prudent fund management.&nbsp;</p><p><br>Transaction automation: The Al algorithm automatically executes buy and sell transactions based on predefined parameters and market signals. This ensures fast, efficient transaction execution, without the need for constant human intervention.&nbsp;</p><p><br>By combining these elements, our Al algorithm works efficiently and strategically to maximize investment opportunities and optimize your capital growth consistently.</p>', '1708587120feature33.jpg', 'Daily Returns', '<p>Data analysis: our artificial intelligence algorithm uses advanced data analysis techniques to process large volumes of financial information in real time. It identifies market trends, asset behavior patterns and investment opportunities.&nbsp;</p><p><br>Data-driven decision-making: The Al algorithm makes factual, objective investment decisions based on hard data and in-depth analysis. This eliminates emotional bias and human error in the decision-making process.&nbsp;</p><p><br>Adaptability and continuous learning: The Al algorithm is able to adapt quickly to market changes and learn from past experience. It constantly improves by integrating new information and adjusting its investment strategies to optimize returns.&nbsp;</p><p><br>Risk management: The Al algorithm incorporates risk management mechanisms to protect your capital and minimize potential losses. It constantly monitors risk indicators and adjusts investment positions accordingly to ensure prudent fund management.&nbsp;</p><p><br>Transaction automation: The Al algorithm automatically executes buy and sell transactions based on predefined parameters and market signals. This ensures fast, efficient transaction execution, without the need for constant human intervention.&nbsp;</p><p><br>By combining these elements, our Al algorithm works efficiently and strategically to maximize investment opportunities and optimize your capital growth consistently.</p>', '1708587120feature-3.jpg', 'Flexible Profit Withdrawal', '<p>At Invest-wize, we offer attractive daily returns ranging from 0.66% to 1% per day.</p><p>&nbsp;</p><p>This opportunity to benefit from daily gains provides several advantages for investors: Continuous Growth: Daily returns contribute to a steady growth of your capital, allowing you to optimize your investments gradually.</p><p>&nbsp;</p><p>Flexible Management: Generating daily profits gives you greater flexibility in managing your funds. You can choose to reinvest your gains, partially withdraw them, or use them according to your financial needs.</p><p>&nbsp;</p><p>Instant Gratification: Daily returns provide immediate satisfaction as a reward for your investment efforts. You can quickly see the results of your investments and enjoy the gains generated.</p><p>&nbsp;</p><p>Risk Management: By receiving regular profits, you can protect your capital and mitigate risks associated with market volatility.</p><p>&nbsp;</p><p>This cautious approach helps secure your profits and maintain financial stability.</p><p>&nbsp;</p><p>In summary, our daily returns of 0.66% to 1% offer an opportunity to grow your capital steadily, while benefiting from flexible management, instant gratification, and prudent risk management.</p><p>&nbsp;</p>', '2024-02-14 17:52:50', '2024-02-28 20:31:49');

-- --------------------------------------------------------

--
-- Table structure for table `blogcategories`
--

CREATE TABLE `blogcategories` (
  `id` int(11) NOT NULL,
  `name` text DEFAULT NULL,
  `created_at` timestamp NOT NULL DEFAULT current_timestamp(),
  `updated_at` timestamp NULL DEFAULT NULL ON UPDATE current_timestamp()
) ENGINE=InnoDB DEFAULT CHARSET=utf8mb4 COLLATE=utf8mb4_general_ci;

--
-- Dumping data for table `blogcategories`
--

INSERT INTO `blogcategories` (`id`, `name`, `created_at`, `updated_at`) VALUES
(32, 'Lovely Flirt', '2024-02-14 01:58:03', '2024-02-14 01:58:03');

-- --------------------------------------------------------

--
-- Table structure for table `blogs`
--

CREATE TABLE `blogs` (
  `id` int(11) NOT NULL,
  `category` int(11) NOT NULL,
  `heading` text DEFAULT NULL,
  `image` text DEFAULT NULL,
  `description` longtext DEFAULT NULL,
  `status` enum('active','inactive') NOT NULL DEFAULT 'active',
  `date_from` date DEFAULT NULL,
  `date_to` date DEFAULT NULL,
  `more_description` text DEFAULT NULL,
  `slug` text DEFAULT NULL,
  `created_at` timestamp NOT NULL DEFAULT current_timestamp(),
  `updated_at` timestamp NULL DEFAULT NULL ON UPDATE current_timestamp()
) ENGINE=InnoDB DEFAULT CHARSET=utf8mb4 COLLATE=utf8mb4_general_ci;

--
-- Dumping data for table `blogs`
--

INSERT INTO `blogs` (`id`, `category`, `heading`, `image`, `description`, `status`, `date_from`, `date_to`, `more_description`, `slug`, `created_at`, `updated_at`) VALUES
(69, 32, 'Crafting the Perfect Profile: A Guide to Online Dating', '170789407801.jpg', '<p>In the ever-evolving world of online dating, your profile serves as the virtual introduction that can make or break a potential connection. Navigating this landscape requires more than just uploading a photo and jotting down a few interests. It\'s an art&mdash;a delicate balance of self-expression, authenticity, and strategic presentation.Embark on a journey with us as we delve into the intricacies of creating a standout online dating profile. Your profile is not merely a digital snapshot but a curated narrative that speaks volumes about who you are. We\'ll guide you through the process, offering expert insights on selecting the perfect profile picture, crafting an engaging bio, and showcasing your personality in a way that resonates with potential matches.</p>\r\n<p>&nbsp;</p>\r\n<blockquote>\r\n<p>Your online dating profile is your digital first impression. Learn how to showcase your personality, interests, and values effectively, increasing your chances of finding genuine connections in the vast landscape of virtual romance. From choosing the right profile picture to crafting an engaging bio, discover the art of creating a profile that reflects the real you and captures the attention of potential matches. Join us on a journey to unlock the secrets of online dating success and elevate your profile to stand out in the crowded online dating scene</p>\r\n</blockquote>\r\n<p>&nbsp;</p>\r\n<p>Unlock the secrets to capturing attention and making a lasting impression in the vast realm of virtual romance. Understand the nuances of self-presentation and learn how to articulate your unique qualities, interests, and values. Our comprehensive guide goes beyond the basics, offering practical tips on striking the right balance between showcasing your individuality and appealing to the preferences of your target audience. Join us as we explore the psychology behind successful online profiles and reveal the subtle cues that can make your profile stand out in the crowded digital dating scene. Whether you\'re new to online dating or looking to revamp your existing profile, this guide is your companion in navigating the nuances of crafting a profile that not only attracts the right matches but also sets the stage for meaningful and genuine connections. Elevate your online dating experience and embark on a journey of self-discovery through the art of crafting the perfect profile.</p>', 'active', NULL, NULL, NULL, 'crafting-the-perfect-profile-a-guide-to-online-dating', '2024-02-14 02:01:18', '2024-02-14 02:01:18'),
(71, 32, 'Beyond the Swipe: Planning Memorable Online Dates', '170789444802.jpg', '<p>In the ever-evolving world of online dating, your profile serves as the virtual introduction that can make or break a potential connection. Navigating this landscape requires more than just uploading a photo and jotting down a few interests. It\'s an art&mdash;a delicate balance of self-expression, authenticity, and strategic presentation.Embark on a journey with us as we delve into the intricacies of creating a standout online dating profile. Your profile is not merely a digital snapshot but a curated narrative that speaks volumes about who you are. We\'ll guide you through the process, offering expert insights on selecting the perfect profile picture, crafting an engaging bio, and showcasing your personality in a way that resonates with potential matches.</p>\r\n<p>&nbsp;</p>\r\n<blockquote>\r\n<p>Your online dating profile is your digital first impression. Learn how to showcase your personality, interests, and values effectively, increasing your chances of finding genuine connections in the vast landscape of virtual romance. From choosing the right profile picture to crafting an engaging bio, discover the art of creating a profile that reflects the real you and captures the attention of potential matches. Join us on a journey to unlock the secrets of online dating success and elevate your profile to stand out in the crowded online dating scene</p>\r\n</blockquote>\r\n<p>&nbsp;</p>\r\n<p>Unlock the secrets to capturing attention and making a lasting impression in the vast realm of virtual romance. Understand the nuances of self-presentation and learn how to articulate your unique qualities, interests, and values. Our comprehensive guide goes beyond the basics, offering practical tips on striking the right balance between showcasing your individuality and appealing to the preferences of your target audience. Join us as we explore the psychology behind successful online profiles and reveal the subtle cues that can make your profile stand out in the crowded digital dating scene. Whether you\'re new to online dating or looking to revamp your existing profile, this guide is your companion in navigating the nuances of crafting a profile that not only attracts the right matches but also sets the stage for meaningful and genuine connections. Elevate your online dating experience and embark on a journey of self-discovery through the art of crafting the perfect profile.</p>', 'active', NULL, NULL, NULL, 'beyond-the-swipe-planning-memorable-online-dates', '2024-02-14 02:07:28', '2024-02-14 02:07:28'),
(73, 32, 'Navigating Online Dating', '170792958901.jpg', '<p>In the ever-evolving world of online dating, your profile serves as the virtual introduction that can make or break a potential connection. Navigating this landscape requires more than just uploading a photo and jotting down a few interests. It\'s an art&mdash;a delicate balance of self-expression, authenticity, and strategic presentation.Embark on a journey with us as we delve into the intricacies of creating a standout online dating profile. Your profile is not merely a digital snapshot but a curated narrative that speaks volumes about who you are. We\'ll guide you through the process, offering expert insights on selecting the perfect profile picture, crafting an engaging bio, and showcasing your personality in a way that resonates with potential matches.</p>\r\n<p>&nbsp;</p>\r\n<blockquote>\r\n<p>Your online dating profile is your digital first impression. Learn how to showcase your personality, interests, and values effectively, increasing your chances of finding genuine connections in the vast landscape of virtual romance. From choosing the right profile picture to crafting an engaging bio, discover the art of creating a profile that reflects the real you and captures the attention of potential matches. Join us on a journey to unlock the secrets of online dating success and elevate your profile to stand out in the crowded online dating scene</p>\r\n</blockquote>\r\n<p>&nbsp;</p>\r\n<p>Unlock the secrets to capturing attention and making a lasting impression in the vast realm of virtual romance. Understand the nuances of self-presentation and learn how to articulate your unique qualities, interests, and values. Our comprehensive guide goes beyond the basics, offering practical tips on striking the right balance between showcasing your individuality and appealing to the preferences of your target audience. Join us as we explore the psychology behind successful online profiles and reveal the subtle cues that can make your profile stand out in the crowded digital dating scene. Whether you\'re new to online dating or looking to revamp your existing profile, this guide is your companion in navigating the nuances of crafting a profile that not only attracts the right matches but also sets the stage for meaningful and genuine connections. Elevate your online dating experience and embark on a journey of self-discovery through the art of crafting the perfect profile.</p>', 'active', NULL, NULL, NULL, 'navigating-online-dating', '2024-02-14 11:53:09', '2024-02-14 11:56:18');

-- --------------------------------------------------------

--
-- Table structure for table `blogs_tags`
--

CREATE TABLE `blogs_tags` (
  `id` int(11) NOT NULL,
  `blogid` int(11) NOT NULL,
  `tag` text DEFAULT NULL,
  `created_at` timestamp NOT NULL DEFAULT current_timestamp(),
  `updated_at` timestamp NULL DEFAULT NULL ON UPDATE current_timestamp()
) ENGINE=InnoDB DEFAULT CHARSET=utf8mb4 COLLATE=utf8mb4_general_ci;

--
-- Dumping data for table `blogs_tags`
--

INSERT INTO `blogs_tags` (`id`, `blogid`, `tag`, `created_at`, `updated_at`) VALUES
(1461, 69, 'Love', '2024-02-14 02:01:18', '2024-02-14 02:01:18'),
(1462, 69, 'Flirt', '2024-02-14 02:01:18', '2024-02-14 02:01:18'),
(1463, 69, 'Chatting', '2024-02-14 02:01:18', '2024-02-14 02:01:18'),
(1464, 69, 'Dating', '2024-02-14 02:01:18', '2024-02-14 02:01:18'),
(1465, 70, 'Dolor id autem sed', '2024-02-14 02:03:42', '2024-02-14 02:03:42'),
(1466, 71, 'Love', '2024-02-14 02:07:28', '2024-02-14 02:07:28'),
(1467, 71, 'Dating', '2024-02-14 02:07:28', '2024-02-14 02:07:28'),
(1468, 71, 'Lovely', '2024-02-14 02:07:28', '2024-02-14 02:07:28'),
(1469, 72, 'Et omnis velit duis', '2024-02-14 02:25:21', '2024-02-14 02:25:21'),
(1470, 72, 'Consequatur omnis qu', '2024-02-14 02:25:21', '2024-02-14 02:25:21'),
(1471, 72, 'Dignissimos exercita', '2024-02-14 02:25:21', '2024-02-14 02:25:21'),
(1485, 73, 'love', '2024-02-15 10:10:14', '2024-02-15 10:10:14'),
(1486, 73, 'Online Dating', '2024-02-15 10:10:14', '2024-02-15 10:10:14'),
(1487, 73, 'Virtual Dating', '2024-02-15 10:10:14', '2024-02-15 10:10:14');

-- --------------------------------------------------------

--
-- Table structure for table `blog_images`
--

CREATE TABLE `blog_images` (
  `id` int(11) NOT NULL,
  `blogid` int(11) NOT NULL,
  `image` text DEFAULT NULL,
  `created_at` timestamp NOT NULL DEFAULT current_timestamp(),
  `updated_at` timestamp NULL DEFAULT NULL ON UPDATE current_timestamp()
) ENGINE=InnoDB DEFAULT CHARSET=utf8mb4 COLLATE=utf8mb4_general_ci;

--
-- Dumping data for table `blog_images`
--

INSERT INTO `blog_images` (`id`, `blogid`, `image`, `created_at`, `updated_at`) VALUES
(75, 69, '170789407802.jpg', '2024-02-14 02:01:18', '2024-02-14 02:01:18'),
(76, 69, '170789407803.jpg', '2024-02-14 02:01:18', '2024-02-14 02:01:18'),
(77, 71, '170789444801.jpg', '2024-02-14 02:07:28', '2024-02-14 02:07:28'),
(78, 71, '170789444803.jpg', '2024-02-14 02:07:28', '2024-02-14 02:07:28'),
(79, 73, '170792958902.jpg', '2024-02-14 11:53:09', '2024-02-14 11:53:09'),
(80, 73, '170792958903.jpg', '2024-02-14 11:53:09', '2024-02-14 11:53:09');

-- --------------------------------------------------------

--
-- Table structure for table `careers`
--

CREATE TABLE `careers` (
  `id` int(11) NOT NULL,
  `name` text DEFAULT '0',
  `email` text DEFAULT NULL,
  `phone` text DEFAULT NULL,
  `cv` text DEFAULT NULL,
  `detail` text DEFAULT '0',
  `created_at` timestamp NOT NULL DEFAULT current_timestamp(),
  `updated_at` timestamp NULL DEFAULT NULL ON UPDATE current_timestamp()
) ENGINE=InnoDB DEFAULT CHARSET=utf8mb4 COLLATE=utf8mb4_general_ci;

--
-- Dumping data for table `careers`
--

INSERT INTO `careers` (`id`, `name`, `email`, `phone`, `cv`, `detail`, `created_at`, `updated_at`) VALUES
(2292, 'Nyasha Ernest Mhende', 'nyashamhende@yahoo.com', '0779215082', '1708257689Nyasha Mhende.pdf', 'hhhhhh', '2024-02-18 17:01:29', '2024-02-18 17:01:29');

-- --------------------------------------------------------

--
-- Table structure for table `contact_messages`
--

CREATE TABLE `contact_messages` (
  `id` int(11) NOT NULL,
  `name` text DEFAULT NULL,
  `email` text DEFAULT NULL,
  `subject` text DEFAULT NULL,
  `message` text DEFAULT NULL,
  `created_at` timestamp NOT NULL DEFAULT current_timestamp(),
  `updated_at` timestamp NULL DEFAULT NULL ON UPDATE current_timestamp(),
  `deleted_at` timestamp NULL DEFAULT NULL
) ENGINE=InnoDB DEFAULT CHARSET=latin1 COLLATE=latin1_swedish_ci;

--
-- Dumping data for table `contact_messages`
--

INSERT INTO `contact_messages` (`id`, `name`, `email`, `subject`, `message`, `created_at`, `updated_at`, `deleted_at`) VALUES
(45, 'khateeb ullah', 'chkhateeb96@gmail.com', 'Database', 'I want to check this website.', '2024-02-13 11:03:49', '2024-02-14 03:30:32', '2024-02-14 03:30:32'),
(46, 'Gil Miles', 'divelylamo@mailinator.com', 'Cillum id suscipit', 'Reprehenderit nemo q', '2024-02-13 11:13:11', '2024-02-14 03:31:00', '2024-02-14 03:31:00'),
(47, 'Noelle Mcconnell', 'lamogidup@mailinator.com', 'Sit saepe vel labor', 'Qui architecto illum', '2024-02-13 23:43:00', '2024-02-14 03:31:02', '2024-02-14 03:31:02'),
(48, 'khateeb ullah', 'chkhateeb96@gmail.com', 'testing', 'This is test', '2024-02-15 10:02:44', '2024-02-22 01:49:31', '2024-02-22 01:49:31'),
(49, 'khateeb ullah', 'chkhateeb96@gmail.com', 'Math', 'This is test.', '2024-02-22 01:50:18', '2024-02-22 01:50:33', '2024-02-22 01:50:33'),
(50, 'Stephanie Trujillo', 'pebepup@mailinator.com', 'Voluptatem Sint qui', 'Ipsam animi illo se', '2024-02-22 01:51:20', '2024-02-22 01:59:12', '2024-02-22 01:59:12'),
(51, 'Justine Munoz', 'pocew@mailinator.com', 'Ut tempora quis ab a', 'Do ratione eveniet', '2024-02-22 01:56:48', '2024-02-22 01:59:16', '2024-02-22 01:59:16'),
(52, 'Athena Stanley', 'fahulac@mailinator.com', 'Iste odio maxime in', 'Amet dicta omnis eu', '2024-02-22 01:57:54', '2024-02-22 01:59:14', '2024-02-22 01:59:14'),
(53, 'Erin Winters', 'tocap@mailinator.com', 'Illum nihil ut cons', 'Quis quasi quia id m', '2024-02-22 05:13:59', '2024-02-26 19:08:31', '2024-02-26 19:08:31'),
(54, 'Tad Wynn', 'vapef@mailinator.com', 'Tenetur impedit eum', 'Eius ea animi conse', '2024-02-22 05:14:09', '2024-02-26 19:08:29', '2024-02-26 19:08:29'),
(55, 'Freya Johns', 'pazedocax@mailinator.com', 'At ipsa recusandae', 'Velit et incidunt c', '2024-02-22 05:14:30', '2024-02-26 19:08:27', '2024-02-26 19:08:27'),
(56, 'Gisela Gordon', 'hosakyz@mailinator.com', 'Labore similique ull', 'Veniam omnis cupidi', '2024-02-26 19:08:16', '2024-02-26 19:08:24', '2024-02-26 19:08:24'),
(57, 'Rama Christian', 'hikifel@mailinator.com', 'Error fugiat incidun', 'Perspiciatis dicta', '2024-02-27 10:03:10', '2024-02-28 21:21:48', '2024-02-28 21:21:48'),
(58, 'khateeb ullah', 'admin@gmail.com', 'Tempor quos quia nob', 'This is test', '2024-02-27 18:00:32', '2024-02-27 18:00:32', NULL);

-- --------------------------------------------------------

--
-- Table structure for table `counter`
--

CREATE TABLE `counter` (
  `id` int(11) NOT NULL,
  `main_heading` text DEFAULT NULL,
  `main_description` text DEFAULT NULL,
  `heading_1` text DEFAULT NULL,
  `created_at` timestamp NOT NULL DEFAULT current_timestamp(),
  `updated_at` timestamp NULL DEFAULT NULL ON UPDATE current_timestamp(),
  `heading_2` text DEFAULT NULL,
  `heading_3` text DEFAULT NULL,
  `heading_4` text DEFAULT NULL,
  `description_1` text DEFAULT NULL,
  `description_2` text DEFAULT NULL,
  `description_3` text DEFAULT NULL,
  `description_4` text DEFAULT NULL,
  `heading_5` text DEFAULT NULL,
  `heading_6` text DEFAULT NULL,
  `description_5` text DEFAULT NULL,
  `description_6` text DEFAULT NULL
) ENGINE=InnoDB DEFAULT CHARSET=utf8mb4 COLLATE=utf8mb4_general_ci;

--
-- Dumping data for table `counter`
--

INSERT INTO `counter` (`id`, `main_heading`, `main_description`, `heading_1`, `created_at`, `updated_at`, `heading_2`, `heading_3`, `heading_4`, `description_1`, `description_2`, `description_3`, `description_4`, `heading_5`, `heading_6`, `description_5`, `description_6`) VALUES
(1, 'Get Exceptional Service For Growth', 'Join us as we continue to push the boundaries of what\'s possible in the world of finance. Together, we can unlock new opportunities, realize our financial dreams, and shape a brighter future for generations to come.', 'Instant Access to Profits', '2024-02-14 17:02:51', '2024-02-27 18:02:10', 'Smart Investing', 'Transparent Tracking', 'Risk Management', 'Gain immediate access to your earnings with Invest-wize\'s daily profit withdrawals, ensuring liquidity and flexibility.', 'Let our AI algorithms handle the hard work - they analyze markets and make precise trades to maximize your earnings.', 'See how your investments are doing in real-time with our clear and user-friendly platform.', 'Our experts manage risks for you, ensuring your investments are secure even during market fluctuations.', 'Financial Empowerment', 'Reliable Returns', 'We\'re here to help everyone succeed - Invest-wize makes advanced investment strategies accessible to all.', 'Count on consistent profits generated by Invest-wize\'s proven investment strategies, providing stability and growth.');

-- --------------------------------------------------------

--
-- Table structure for table `countries`
--

CREATE TABLE `countries` (
  `id` int(11) NOT NULL,
  `name` text DEFAULT NULL,
  `abv` text DEFAULT NULL,
  `abv3` text DEFAULT NULL,
  `abv3_alt` text DEFAULT NULL,
  `code` text DEFAULT NULL,
  `slug` text DEFAULT NULL,
  `created_at` timestamp NOT NULL DEFAULT current_timestamp(),
  `updated_at` timestamp NULL DEFAULT NULL ON UPDATE current_timestamp()
) ENGINE=MyISAM DEFAULT CHARSET=latin1 COLLATE=latin1_swedish_ci;

--
-- Dumping data for table `countries`
--

INSERT INTO `countries` (`id`, `name`, `abv`, `abv3`, `abv3_alt`, `code`, `slug`, `created_at`, `updated_at`) VALUES
(1, 'Afghanistan', 'AF', 'AFG', NULL, '4', 'afghanistan', '2024-02-17 17:43:11', NULL),
(2, 'Aland Islands', 'AX', 'ALA', NULL, '248', 'aland-islands', '2024-02-17 17:43:11', NULL),
(3, 'Albania', 'AL', 'ALB', NULL, '8', 'albania', '2024-02-17 17:43:11', NULL),
(4, 'Algeria', 'DZ', 'DZA', NULL, '12', 'algeria', '2024-02-17 17:43:11', NULL),
(5, 'American Samoa', 'AS', 'ASM', NULL, '16', 'american-samoa', '2024-02-17 17:43:11', NULL),
(6, 'Andorra', 'AD', 'AND', NULL, '20', 'andorra', '2024-02-17 17:43:11', NULL),
(7, 'Angola', 'AO', 'AGO', NULL, '24', 'angola', '2024-02-17 17:43:11', NULL),
(8, 'Anguilla', 'AI', 'AIA', NULL, '660', 'anguilla', '2024-02-17 17:43:11', NULL),
(9, 'Antigua and Barbuda', 'AG', 'ATG', NULL, '28', 'antigua-and-barbuda', '2024-02-17 17:43:11', NULL),
(10, 'Argentina', 'AR', 'ARG', NULL, '32', 'argentina', '2024-02-17 17:43:11', NULL),
(11, 'Armenia', 'AM', 'ARM', NULL, '51', 'armenia', '2024-02-17 17:43:11', NULL),
(12, 'Aruba', 'AW', 'ABW', NULL, '533', 'aruba', '2024-02-17 17:43:11', NULL),
(13, 'Australia', 'AU', 'AUS', NULL, '36', 'australia', '2024-02-17 17:43:11', NULL),
(14, 'Austria', 'AT', 'AUT', NULL, '40', 'austria', '2024-02-17 17:43:11', NULL),
(15, 'Azerbaijan', 'AZ', 'AZE', NULL, '31', 'azerbaijan', '2024-02-17 17:43:11', NULL),
(16, 'Bahamas', 'BS', 'BHS', NULL, '44', 'bahamas', '2024-02-17 17:43:11', NULL),
(17, 'Bahrain', 'BH', 'BHR', NULL, '48', 'bahrain', '2024-02-17 17:43:11', NULL),
(18, 'Bangladesh', 'BD', 'BGD', NULL, '50', 'bangladesh', '2024-02-17 17:43:11', NULL),
(19, 'Barbados', 'BB', 'BRB', NULL, '52', 'barbados', '2024-02-17 17:43:11', NULL),
(20, 'Belarus', 'BY', 'BLR', NULL, '112', 'belarus', '2024-02-17 17:43:11', NULL),
(21, 'Belgium', 'BE', 'BEL', NULL, '56', 'belgium', '2024-02-17 17:43:11', NULL),
(22, 'Belize', 'BZ', 'BLZ', NULL, '84', 'belize', '2024-02-17 17:43:11', NULL),
(23, 'Benin', 'BJ', 'BEN', NULL, '204', 'benin', '2024-02-17 17:43:11', NULL),
(24, 'Bermuda', 'BM', 'BMU', NULL, '60', 'bermuda', '2024-02-17 17:43:11', NULL),
(25, 'Bhutan', 'BT', 'BTN', NULL, '64', 'bhutan', '2024-02-17 17:43:11', NULL),
(26, 'Bolivia', 'BO', 'BOL', NULL, '68', 'bolivia', '2024-02-17 17:43:11', NULL),
(27, 'Bosnia and Herzegovina', 'BA', 'BIH', NULL, '70', 'bosnia-and-herzegovina', '2024-02-17 17:43:11', NULL),
(28, 'Botswana', 'BW', 'BWA', NULL, '72', 'botswana', '2024-02-17 17:43:11', NULL),
(29, 'Brazil', 'BR', 'BRA', NULL, '76', 'brazil', '2024-02-17 17:43:11', NULL),
(30, 'British Virgin Islands', 'VG', 'VGB', NULL, '92', 'british-virgin-islands', '2024-02-17 17:43:11', NULL),
(31, 'Brunei Darussalam', 'BN', 'BRN', NULL, '96', 'brunei-darussalam', '2024-02-17 17:43:11', NULL),
(32, 'Bulgaria', 'BG', 'BGR', NULL, '100', 'bulgaria', '2024-02-17 17:43:11', NULL),
(33, 'Burkina Faso', 'BF', 'BFA', NULL, '854', 'burkina-faso', '2024-02-17 17:43:11', NULL),
(34, 'Burundi', 'BI', 'BDI', NULL, '108', 'burundi', '2024-02-17 17:43:11', NULL),
(35, 'Cambodia', 'KH', 'KHM', NULL, '116', 'cambodia', '2024-02-17 17:43:11', NULL),
(36, 'Cameroon', 'CM', 'CMR', NULL, '120', 'cameroon', '2024-02-17 17:43:11', NULL),
(37, 'Canada', 'CA', 'CAN', NULL, '124', 'canada', '2024-02-17 17:43:11', NULL),
(38, 'Cape Verde', 'CV', 'CPV', NULL, '132', 'cape-verde', '2024-02-17 17:43:11', NULL),
(39, 'Cayman Islands', 'KY', 'CYM', NULL, '136', 'cayman-islands', '2024-02-17 17:43:11', NULL),
(40, 'Central African Republic', 'CF', 'CAF', NULL, '140', 'central-african-republic', '2024-02-17 17:43:11', NULL),
(41, 'Chad', 'TD', 'TCD', NULL, '148', 'chad', '2024-02-17 17:43:11', NULL),
(42, 'Chile', 'CL', 'CHL', 'CHI', '152', 'chile', '2024-02-17 17:43:11', NULL),
(43, 'China', 'CN', 'CHN', NULL, '156', 'china', '2024-02-17 17:43:11', NULL),
(44, 'Colombia', 'CO', 'COL', NULL, '170', 'colombia', '2024-02-17 17:43:11', NULL),
(45, 'Comoros', 'KM', 'COM', NULL, '174', 'comoros', '2024-02-17 17:43:11', NULL),
(46, 'Congo', 'CG', 'COG', NULL, '178', 'congo', '2024-02-17 17:43:11', NULL),
(47, 'Cook Islands', 'CK', 'COK', NULL, '184', 'cook-islands', '2024-02-17 17:43:11', NULL),
(48, 'Costa Rica', 'CR', 'CRI', NULL, '188', 'costa-rica', '2024-02-17 17:43:11', NULL),
(49, 'Cote d\'Ivoire', 'CI', 'CIV', NULL, '384', 'cote-divoire', '2024-02-17 17:43:11', NULL),
(50, 'Croatia', 'HR', 'HRV', NULL, '191', 'croatia', '2024-02-17 17:43:11', NULL),
(51, 'Cuba', 'CU', 'CUB', NULL, '192', 'cuba', '2024-02-17 17:43:11', NULL),
(52, 'Cyprus', 'CY', 'CYP', NULL, '196', 'cyprus', '2024-02-17 17:43:11', NULL),
(53, 'Czech Republic', 'CZ', 'CZE', NULL, '203', 'czech-republic', '2024-02-17 17:43:11', NULL),
(54, 'Democratic Republic of the Congo', 'CD', 'COD', NULL, '180', 'democratic-republic-of-congo', '2024-02-17 17:43:11', NULL),
(55, 'Denmark', 'DK', 'DNK', NULL, '208', 'denmark', '2024-02-17 17:43:11', NULL),
(56, 'Djibouti', 'DJ', 'DJI', NULL, '262', 'djibouti', '2024-02-17 17:43:11', NULL),
(57, 'Dominica', 'DM', 'DMA', NULL, '212', 'dominica', '2024-02-17 17:43:11', NULL),
(58, 'Dominican Republic', 'DO', 'DOM', NULL, '214', 'dominican-republic', '2024-02-17 17:43:11', NULL),
(59, 'Ecuador', 'EC', 'ECU', NULL, '218', 'ecuador', '2024-02-17 17:43:11', NULL),
(60, 'Egypt', 'EG', 'EGY', NULL, '818', 'egypt', '2024-02-17 17:43:11', NULL),
(61, 'El Salvador', 'SV', 'SLV', NULL, '222', 'el-salvador', '2024-02-17 17:43:11', NULL),
(62, 'Equatorial Guinea', 'GQ', 'GNQ', NULL, '226', 'equatorial-guinea', '2024-02-17 17:43:11', NULL),
(63, 'Eritrea', 'ER', 'ERI', NULL, '232', 'eritrea', '2024-02-17 17:43:11', NULL),
(64, 'Estonia', 'EE', 'EST', NULL, '233', 'estonia', '2024-02-17 17:43:11', NULL),
(65, 'Ethiopia', 'ET', 'ETH', NULL, '231', 'ethiopia', '2024-02-17 17:43:11', NULL),
(66, 'Faeroe Islands', 'FO', 'FRO', NULL, '234', 'faeroe-islands', '2024-02-17 17:43:11', NULL),
(67, 'Falkland Islands', 'FK', 'FLK', NULL, '238', 'falkland-islands', '2024-02-17 17:43:11', NULL),
(68, 'Fiji', 'FJ', 'FJI', NULL, '242', 'fiji', '2024-02-17 17:43:11', NULL),
(69, 'Finland', 'FI', 'FIN', NULL, '246', 'finland', '2024-02-17 17:43:11', NULL),
(70, 'France', 'FR', 'FRA', NULL, '250', 'france', '2024-02-17 17:43:11', NULL),
(71, 'French Guiana', 'GF', 'GUF', NULL, '254', 'french-guiana', '2024-02-17 17:43:11', NULL),
(72, 'French Polynesia', 'PF', 'PYF', NULL, '258', 'french-polynesia', '2024-02-17 17:43:11', NULL),
(73, 'Gabon', 'GA', 'GAB', NULL, '266', 'gabon', '2024-02-17 17:43:11', NULL),
(74, 'Gambia', 'GM', 'GMB', NULL, '270', 'gambia', '2024-02-17 17:43:11', NULL),
(75, 'Georgia', 'GE', 'GEO', NULL, '268', 'georgia', '2024-02-17 17:43:11', NULL),
(76, 'Germany', 'DE', 'DEU', NULL, '276', 'germany', '2024-02-17 17:43:11', NULL),
(77, 'Ghana', 'GH', 'GHA', NULL, '288', 'ghana', '2024-02-17 17:43:11', NULL),
(78, 'Gibraltar', 'GI', 'GIB', NULL, '292', 'gibraltar', '2024-02-17 17:43:11', NULL),
(79, 'Greece', 'GR', 'GRC', NULL, '300', 'greece', '2024-02-17 17:43:11', NULL),
(80, 'Greenland', 'GL', 'GRL', NULL, '304', 'greenland', '2024-02-17 17:43:11', NULL),
(81, 'Grenada', 'GD', 'GRD', NULL, '308', 'grenada', '2024-02-17 17:43:11', NULL),
(82, 'Guadeloupe', 'GP', 'GLP', NULL, '312', 'guadeloupe', '2024-02-17 17:43:11', NULL),
(83, 'Guam', 'GU', 'GUM', NULL, '316', 'guam', '2024-02-17 17:43:11', NULL),
(84, 'Guatemala', 'GT', 'GTM', NULL, '320', 'guatemala', '2024-02-17 17:43:11', NULL),
(85, 'Guernsey', 'GG', 'GGY', NULL, '831', 'guernsey', '2024-02-17 17:43:11', NULL),
(86, 'Guinea', 'GN', 'GIN', NULL, '324', 'guinea', '2024-02-17 17:43:11', NULL),
(87, 'Guinea-Bissau', 'GW', 'GNB', NULL, '624', 'guinea-bissau', '2024-02-17 17:43:11', NULL),
(88, 'Guyana', 'GY', 'GUY', NULL, '328', 'guyana', '2024-02-17 17:43:11', NULL),
(89, 'Haiti', 'HT', 'HTI', NULL, '332', 'haiti', '2024-02-17 17:43:11', NULL),
(90, 'Holy See', 'VA', 'VAT', NULL, '336', 'holy-see', '2024-02-17 17:43:11', NULL),
(91, 'Honduras', 'HN', 'HND', NULL, '340', 'honduras', '2024-02-17 17:43:11', NULL),
(92, 'Hong Kong', 'HK', 'HKG', NULL, '344', 'hong-kong', '2024-02-17 17:43:11', NULL),
(93, 'Hungary', 'HU', 'HUN', NULL, '348', 'hungary', '2024-02-17 17:43:11', NULL),
(94, 'Iceland', 'IS', 'ISL', NULL, '352', 'iceland', '2024-02-17 17:43:11', NULL),
(95, 'India', 'IN', 'IND', NULL, '356', 'india', '2024-02-17 17:43:11', NULL),
(96, 'Indonesia', 'ID', 'IDN', NULL, '360', 'indonesia', '2024-02-17 17:43:11', NULL),
(97, 'Iran', 'IR', 'IRN', NULL, '364', 'iran', '2024-02-17 17:43:11', NULL),
(98, 'Iraq', 'IQ', 'IRQ', NULL, '368', 'iraq', '2024-02-17 17:43:11', NULL),
(99, 'Ireland', 'IE', 'IRL', NULL, '372', 'ireland', '2024-02-17 17:43:11', NULL),
(100, 'Isle of Man', 'IM', 'IMN', NULL, '833', 'isle-of-man', '2024-02-17 17:43:11', NULL),
(101, 'Israel', 'IL', 'ISR', NULL, '376', 'israel', '2024-02-17 17:43:11', NULL),
(102, 'Italy', 'IT', 'ITA', NULL, '380', 'italy', '2024-02-17 17:43:11', NULL),
(103, 'Jamaica', 'JM', 'JAM', NULL, '388', 'jamaica', '2024-02-17 17:43:11', NULL),
(104, 'Japan', 'JP', 'JPN', NULL, '392', 'japan', '2024-02-17 17:43:11', NULL),
(105, 'Jersey', 'JE', 'JEY', NULL, '832', 'jersey', '2024-02-17 17:43:11', NULL),
(106, 'Jordan', 'JO', 'JOR', NULL, '400', 'jordan', '2024-02-17 17:43:11', NULL),
(107, 'Kazakhstan', 'KZ', 'KAZ', NULL, '398', 'kazakhstan', '2024-02-17 17:43:11', NULL),
(108, 'Kenya', 'KE', 'KEN', NULL, '404', 'kenya', '2024-02-17 17:43:11', NULL),
(109, 'Kiribati', 'KI', 'KIR', NULL, '296', 'kiribati', '2024-02-17 17:43:11', NULL),
(110, 'Kuwait', 'KW', 'KWT', NULL, '414', 'kuwait', '2024-02-17 17:43:11', NULL),
(111, 'Kyrgyzstan', 'KG', 'KGZ', NULL, '417', 'kyrgyzstan', '2024-02-17 17:43:11', NULL),
(112, 'Laos', 'LA', 'LAO', NULL, '418', 'laos', '2024-02-17 17:43:11', NULL),
(113, 'Latvia', 'LV', 'LVA', NULL, '428', 'latvia', '2024-02-17 17:43:11', NULL),
(114, 'Lebanon', 'LB', 'LBN', NULL, '422', 'lebanon', '2024-02-17 17:43:11', NULL),
(115, 'Lesotho', 'LS', 'LSO', NULL, '426', 'lesotho', '2024-02-17 17:43:11', NULL),
(116, 'Liberia', 'LR', 'LBR', NULL, '430', 'liberia', '2024-02-17 17:43:11', NULL),
(117, 'Libyan Arab Jamahiriya', 'LY', 'LBY', NULL, '434', 'libyan-arab-jamahiriya', '2024-02-17 17:43:11', NULL),
(118, 'Liechtenstein', 'LI', 'LIE', NULL, '438', 'liechtenstein', '2024-02-17 17:43:11', NULL),
(119, 'Lithuania', 'LT', 'LTU', NULL, '440', 'lithuania', '2024-02-17 17:43:11', NULL),
(120, 'Luxembourg', 'LU', 'LUX', NULL, '442', 'luxembourg', '2024-02-17 17:43:11', NULL),
(121, 'Macao', 'MO', 'MAC', NULL, '446', 'macao', '2024-02-17 17:43:11', NULL),
(122, 'Macedonia', 'MK', 'MKD', NULL, '807', 'macedonia', '2024-02-17 17:43:11', NULL),
(123, 'Madagascar', 'MG', 'MDG', NULL, '450', 'madagascar', '2024-02-17 17:43:11', NULL),
(124, 'Malawi', 'MW', 'MWI', NULL, '454', 'malawi', '2024-02-17 17:43:11', NULL),
(125, 'Malaysia', 'MY', 'MYS', NULL, '458', 'malaysia', '2024-02-17 17:43:11', NULL),
(126, 'Maldives', 'MV', 'MDV', NULL, '462', 'maldives', '2024-02-17 17:43:11', NULL),
(127, 'Mali', 'ML', 'MLI', NULL, '466', 'mali', '2024-02-17 17:43:11', NULL),
(128, 'Malta', 'MT', 'MLT', NULL, '470', 'malta', '2024-02-17 17:43:11', NULL),
(129, 'Marshall Islands', 'MH', 'MHL', NULL, '584', 'marshall-islands', '2024-02-17 17:43:11', NULL),
(130, 'Martinique', 'MQ', 'MTQ', NULL, '474', 'martinique', '2024-02-17 17:43:11', NULL),
(131, 'Mauritania', 'MR', 'MRT', NULL, '478', 'mauritania', '2024-02-17 17:43:11', NULL),
(132, 'Mauritius', 'MU', 'MUS', NULL, '480', 'mauritius', '2024-02-17 17:43:11', NULL),
(133, 'Mayotte', 'YT', 'MYT', NULL, '175', 'mayotte', '2024-02-17 17:43:11', NULL),
(134, 'Mexico', 'MX', 'MEX', NULL, '484', 'mexico', '2024-02-17 17:43:11', NULL),
(135, 'Micronesia', 'FM', 'FSM', NULL, '583', 'micronesia', '2024-02-17 17:43:11', NULL),
(136, 'Moldova', 'MD', 'MDA', NULL, '498', 'moldova', '2024-02-17 17:43:11', NULL),
(137, 'Monaco', 'MC', 'MCO', NULL, '492', 'monaco', '2024-02-17 17:43:11', NULL),
(138, 'Mongolia', 'MN', 'MNG', NULL, '496', 'mongolia', '2024-02-17 17:43:11', NULL),
(139, 'Montenegro', 'ME', 'MNE', NULL, '499', 'montenegro', '2024-02-17 17:43:11', NULL),
(140, 'Montserrat', 'MS', 'MSR', NULL, '500', 'montserrat', '2024-02-17 17:43:11', NULL),
(141, 'Morocco', 'MA', 'MAR', NULL, '504', 'morocco', '2024-02-17 17:43:11', NULL),
(142, 'Mozambique', 'MZ', 'MOZ', NULL, '508', 'mozambique', '2024-02-17 17:43:11', NULL),
(143, 'Myanmar', 'MM', 'MMR', 'BUR', '104', 'myanmar', '2024-02-17 17:43:11', NULL),
(144, 'Namibia', 'NA', 'NAM', NULL, '516', 'namibia', '2024-02-17 17:43:11', NULL),
(145, 'Nauru', 'NR', 'NRU', NULL, '520', 'nauru', '2024-02-17 17:43:11', NULL),
(146, 'Nepal', 'NP', 'NPL', NULL, '524', 'nepal', '2024-02-17 17:43:11', NULL),
(147, 'Netherlands', 'NL', 'NLD', NULL, '528', 'netherlands', '2024-02-17 17:43:11', NULL),
(148, 'Netherlands Antilles', 'AN', 'ANT', NULL, '530', 'netherlands-antilles', '2024-02-17 17:43:11', NULL),
(149, 'New Caledonia', 'NC', 'NCL', NULL, '540', 'new-caledonia', '2024-02-17 17:43:11', NULL),
(150, 'New Zealand', 'NZ', 'NZL', NULL, '554', 'new-zealand', '2024-02-17 17:43:11', NULL),
(151, 'Nicaragua', 'NI', 'NIC', NULL, '558', 'nicaragua', '2024-02-17 17:43:11', NULL),
(152, 'Niger', 'NE', 'NER', NULL, '562', 'niger', '2024-02-17 17:43:11', NULL),
(153, 'Nigeria', 'NG', 'NGA', NULL, '566', 'nigeria', '2024-02-17 17:43:11', NULL),
(154, 'Niue', 'NU', 'NIU', NULL, '570', 'niue', '2024-02-17 17:43:11', NULL),
(155, 'Norfolk Island', 'NF', 'NFK', NULL, '574', 'norfolk-island', '2024-02-17 17:43:11', NULL),
(156, 'North Korea', 'KP', 'PRK', NULL, '408', 'north-korea', '2024-02-17 17:43:11', NULL),
(157, 'Northern Mariana Islands', 'MP', 'MNP', NULL, '580', 'northern-mariana-islands', '2024-02-17 17:43:11', NULL),
(158, 'Norway', 'NO', 'NOR', NULL, '578', 'norway', '2024-02-17 17:43:11', NULL),
(159, 'Oman', 'OM', 'OMN', NULL, '512', 'oman', '2024-02-17 17:43:11', NULL),
(160, 'Pakistan', 'PK', 'PAK', NULL, '586', 'pakistan', '2024-02-17 17:43:11', NULL),
(161, 'Palau', 'PW', 'PLW', NULL, '585', 'palau', '2024-02-17 17:43:11', NULL),
(162, 'Palestine', 'PS', 'PSE', NULL, '275', 'palestine', '2024-02-17 17:43:11', NULL),
(163, 'Panama', 'PA', 'PAN', NULL, '591', 'panama', '2024-02-17 17:43:11', NULL),
(164, 'Papua New Guinea', 'PG', 'PNG', NULL, '598', 'papua-new-guinea', '2024-02-17 17:43:11', NULL),
(165, 'Paraguay', 'PY', 'PRY', NULL, '600', 'paraguay', '2024-02-17 17:43:11', NULL),
(166, 'Peru', 'PE', 'PER', NULL, '604', 'peru', '2024-02-17 17:43:11', NULL),
(167, 'Philippines', 'PH', 'PHL', NULL, '608', 'philippines', '2024-02-17 17:43:11', NULL),
(168, 'Pitcairn', 'PN', 'PCN', NULL, '612', 'pitcairn', '2024-02-17 17:43:11', NULL),
(169, 'Poland', 'PL', 'POL', NULL, '616', 'poland', '2024-02-17 17:43:11', NULL),
(170, 'Portugal', 'PT', 'PRT', NULL, '620', 'portugal', '2024-02-17 17:43:11', NULL),
(171, 'Puerto Rico', 'PR', 'PRI', NULL, '630', 'puerto-rico', '2024-02-17 17:43:11', NULL),
(172, 'Qatar', 'QA', 'QAT', NULL, '634', 'qatar', '2024-02-17 17:43:11', NULL),
(173, 'Reunion', 'RE', 'REU', NULL, '638', 'reunion', '2024-02-17 17:43:11', NULL),
(174, 'Romania', 'RO', 'ROU', 'ROM', '642', 'romania', '2024-02-17 17:43:11', NULL),
(175, 'Russian Federation', 'RU', 'RUS', NULL, '643', 'russian-federation', '2024-02-17 17:43:11', NULL),
(176, 'Rwanda', 'RW', 'RWA', NULL, '646', 'rwanda', '2024-02-17 17:43:11', NULL),
(177, 'Saint Helena', 'SH', 'SHN', NULL, '654', 'saint-helena', '2024-02-17 17:43:11', NULL),
(178, 'Saint Kitts and Nevis', 'KN', 'KNA', NULL, '659', 'saint-kitts-and-nevis', '2024-02-17 17:43:11', NULL),
(179, 'Saint Lucia', 'LC', 'LCA', NULL, '662', 'saint-lucia', '2024-02-17 17:43:11', NULL),
(180, 'Saint Pierre and Miquelon', 'PM', 'SPM', NULL, '666', 'saint-pierre-and-miquelon', '2024-02-17 17:43:11', NULL),
(181, 'Saint Vincent and the Grenadines', 'VC', 'VCT', NULL, '670', 'saint-vincent-and-grenadines', '2024-02-17 17:43:11', NULL),
(182, 'Saint-Barthelemy', 'BL', 'BLM', NULL, '652', 'saint-barthelemy', '2024-02-17 17:43:11', NULL),
(183, 'Saint-Martin', 'MF', 'MAF', NULL, '663', 'saint-martin', '2024-02-17 17:43:11', NULL),
(184, 'Samoa', 'WS', 'WSM', NULL, '882', 'samoa', '2024-02-17 17:43:11', NULL),
(185, 'San Marino', 'SM', 'SMR', NULL, '674', 'san-marino', '2024-02-17 17:43:11', NULL),
(186, 'Sao Tome and Principe', 'ST', 'STP', NULL, '678', 'sao-tome-and-principe', '2024-02-17 17:43:11', NULL),
(187, 'Saudi Arabia', 'SA', 'SAU', NULL, '682', 'saudi-arabia', '2024-02-17 17:43:11', NULL),
(188, 'Senegal', 'SN', 'SEN', NULL, '686', 'senegal', '2024-02-17 17:43:11', NULL),
(189, 'Serbia', 'RS', 'SRB', NULL, '688', 'serbia', '2024-02-17 17:43:11', NULL),
(190, 'Seychelles', 'SC', 'SYC', NULL, '690', 'seychelles', '2024-02-17 17:43:11', NULL),
(191, 'Sierra Leone', 'SL', 'SLE', NULL, '694', 'sierra-leone', '2024-02-17 17:43:11', NULL),
(192, 'Singapore', 'SG', 'SGP', NULL, '702', 'singapore', '2024-02-17 17:43:11', NULL),
(193, 'Slovakia', 'SK', 'SVK', NULL, '703', 'slovakia', '2024-02-17 17:43:11', NULL),
(194, 'Slovenia', 'SI', 'SVN', NULL, '705', 'slovenia', '2024-02-17 17:43:11', NULL),
(195, 'Solomon Islands', 'SB', 'SLB', NULL, '90', 'solomon-islands', '2024-02-17 17:43:11', NULL),
(196, 'Somalia', 'SO', 'SOM', NULL, '706', 'somalia', '2024-02-17 17:43:11', NULL),
(197, 'South Africa', 'ZA', 'ZAF', NULL, '710', 'south-africa', '2024-02-17 17:43:11', NULL),
(198, 'South Korea', 'KR', 'KOR', NULL, '410', 'south-korea', '2024-02-17 17:43:11', NULL),
(199, 'South Sudan', 'SS', 'SSD', NULL, '728', 'south-sudan', '2024-02-17 17:43:11', NULL),
(200, 'Spain', 'ES', 'ESP', NULL, '724', 'spain', '2024-02-17 17:43:11', NULL),
(201, 'Sri Lanka', 'LK', 'LKA', NULL, '144', 'sri-lanka', '2024-02-17 17:43:11', NULL),
(202, 'Sudan', 'SD', 'SDN', NULL, '729', 'sudan', '2024-02-17 17:43:11', NULL),
(203, 'Suriname', 'SR', 'SUR', NULL, '740', 'suriname', '2024-02-17 17:43:11', NULL),
(204, 'Svalbard and Jan Mayen Islands', 'SJ', 'SJM', NULL, '744', 'svalbard-and-jan-mayen-islands', '2024-02-17 17:43:11', NULL),
(205, 'Swaziland', 'SZ', 'SWZ', NULL, '748', 'swaziland', '2024-02-17 17:43:11', NULL),
(206, 'Sweden', 'SE', 'SWE', NULL, '752', 'sweden', '2024-02-17 17:43:11', NULL),
(207, 'Switzerland', 'CH', 'CHE', NULL, '756', 'switzerland', '2024-02-17 17:43:11', NULL),
(208, 'Syrian Arab Republic', 'SY', 'SYR', NULL, '760', 'syrian-arab-republic', '2024-02-17 17:43:11', NULL),
(209, 'Tajikistan', 'TJ', 'TJK', NULL, '762', 'tajikistan', '2024-02-17 17:43:11', NULL),
(210, 'Tanzania', 'TZ', 'TZA', NULL, '834', 'tanzania', '2024-02-17 17:43:11', NULL),
(211, 'Thailand', 'TH', 'THA', NULL, '764', 'thailand', '2024-02-17 17:43:11', NULL),
(212, 'Timor-Leste', 'TP', 'TLS', NULL, '626', 'timor-leste', '2024-02-17 17:43:11', NULL),
(213, 'Togo', 'TG', 'TGO', NULL, '768', 'togo', '2024-02-17 17:43:11', NULL),
(214, 'Tokelau', 'TK', 'TKL', NULL, '772', 'tokelau', '2024-02-17 17:43:11', NULL),
(215, 'Tonga', 'TO', 'TON', NULL, '776', 'tonga', '2024-02-17 17:43:11', NULL),
(216, 'Trinidad and Tobago', 'TT', 'TTO', NULL, '780', 'trinidad-and-tobago', '2024-02-17 17:43:11', NULL),
(217, 'Tunisia', 'TN', 'TUN', NULL, '788', 'tunisia', '2024-02-17 17:43:11', NULL),
(218, 'Turkey', 'TR', 'TUR', NULL, '792', 'turkey', '2024-02-17 17:43:11', NULL),
(219, 'Turkmenistan', 'TM', 'TKM', NULL, '795', 'turkmenistan', '2024-02-17 17:43:11', NULL),
(220, 'Turks and Caicos Islands', 'TC', 'TCA', NULL, '796', 'turks-and-caicos-islands', '2024-02-17 17:43:11', NULL),
(221, 'Tuvalu', 'TV', 'TUV', NULL, '798', 'tuvalu', '2024-02-17 17:43:11', NULL),
(222, 'U.S. Virgin Islands', 'VI', 'VIR', NULL, '850', 'us-virgin-islands', '2024-02-17 17:43:11', NULL),
(223, 'Uganda', 'UG', 'UGA', NULL, '800', 'uganda', '2024-02-17 17:43:11', NULL),
(224, 'Ukraine', 'UA', 'UKR', NULL, '804', 'ukraine', '2024-02-17 17:43:11', NULL),
(225, 'United Arab Emirates', 'AE', 'ARE', NULL, '784', 'united-arab-emirates', '2024-02-17 17:43:11', NULL),
(226, 'United Kingdom', 'UK', 'GBR', NULL, '826', 'united-kingdom', '2024-02-17 17:43:11', NULL),
(227, 'United States', 'US', 'USA', NULL, '840', 'united-states', '2024-02-17 17:43:11', NULL),
(228, 'Uruguay', 'UY', 'URY', NULL, '858', 'uruguay', '2024-02-17 17:43:11', NULL),
(229, 'Uzbekistan', 'UZ', 'UZB', NULL, '860', 'uzbekistan', '2024-02-17 17:43:11', NULL),
(230, 'Vanuatu', 'VU', 'VUT', NULL, '548', 'vanuatu', '2024-02-17 17:43:11', NULL),
(231, 'Venezuela', 'VE', 'VEN', NULL, '862', 'venezuela', '2024-02-17 17:43:11', NULL),
(232, 'Viet Nam', 'VN', 'VNM', NULL, '704', 'viet-nam', '2024-02-17 17:43:11', NULL),
(233, 'Wallis and Futuna Islands', 'WF', 'WLF', NULL, '876', 'wallis-and-futuna-islands', '2024-02-17 17:43:11', NULL),
(234, 'Western Sahara', 'EH', 'ESH', NULL, '732', 'western-sahara', '2024-02-17 17:43:11', NULL),
(235, 'Yemen', 'YE', 'YEM', NULL, '887', 'yemen', '2024-02-17 17:43:11', NULL),
(236, 'Zambia', 'ZM', 'ZMB', NULL, '894', 'zambia', '2024-02-17 17:43:11', NULL),
(237, 'Zimbabwe', 'ZW', 'ZWE', NULL, '716', 'zimbabwe', '2024-02-17 17:43:11', NULL);

-- --------------------------------------------------------

--
-- Table structure for table `failed_jobs`
--

CREATE TABLE `failed_jobs` (
  `id` bigint(20) UNSIGNED NOT NULL,
  `uuid` varchar(255) NOT NULL,
  `connection` text NOT NULL,
  `queue` text NOT NULL,
  `payload` longtext NOT NULL,
  `exception` longtext NOT NULL,
  `failed_at` timestamp NOT NULL DEFAULT current_timestamp()
) ENGINE=InnoDB DEFAULT CHARSET=utf8mb4 COLLATE=utf8mb4_general_ci;

-- --------------------------------------------------------

--
-- Table structure for table `faqs`
--

CREATE TABLE `faqs` (
  `id` int(11) NOT NULL,
  `heading` varchar(255) NOT NULL,
  `description` text NOT NULL,
  `created_at` timestamp NOT NULL DEFAULT current_timestamp(),
  `updated_at` timestamp NULL DEFAULT NULL ON UPDATE current_timestamp()
) ENGINE=InnoDB DEFAULT CHARSET=utf8mb4 COLLATE=utf8mb4_general_ci;

--
-- Dumping data for table `faqs`
--

INSERT INTO `faqs` (`id`, `heading`, `description`, `created_at`, `updated_at`) VALUES
(20, 'How do I sign up?', 'Click \"Sign Up,\" provide your details, and set up your profile to start connecting.', '2024-02-14 07:48:09', NULL),
(21, 'How is my privacy ensured?', 'Control your privacy settings, and we use secure measures as outlined in our Privacy Policy.', '2024-02-14 07:48:20', NULL),
(22, 'What events are available?', 'Discover local meetups and themed events for socializing with other singles.', '2024-02-14 07:48:33', NULL),
(23, 'Are there any safety measures in place?', 'Yes, we prioritize user safety with features like reporting and blocking. Read our Safety Guidelines for more details.', '2024-02-14 07:48:44', NULL),
(24, 'How do I report inappropriate behavior?', 'Use our reporting and blocking features to maintain a respectful community.', '2024-02-14 07:48:55', NULL);

-- --------------------------------------------------------

--
-- Table structure for table `how_it_work`
--

CREATE TABLE `how_it_work` (
  `id` int(11) NOT NULL,
  `main_heading` text DEFAULT NULL,
  `main_description` text DEFAULT NULL,
  `heading_1` text DEFAULT NULL,
  `created_at` timestamp NOT NULL DEFAULT current_timestamp(),
  `updated_at` timestamp NULL DEFAULT NULL ON UPDATE current_timestamp(),
  `heading_2` text DEFAULT NULL,
  `heading_3` text DEFAULT NULL,
  `description_1` text DEFAULT NULL,
  `description_2` text DEFAULT NULL,
  `description_3` text DEFAULT NULL,
  `image` text DEFAULT NULL
) ENGINE=InnoDB DEFAULT CHARSET=utf8mb4 COLLATE=utf8mb4_general_ci;

--
-- Dumping data for table `how_it_work`
--

INSERT INTO `how_it_work` (`id`, `main_heading`, `main_description`, `heading_1`, `created_at`, `updated_at`, `heading_2`, `heading_3`, `description_1`, `description_2`, `description_3`, `image`) VALUES
(1, 'Empowering Financial Futures: The Invest-wize Story', 'Our mission is simple yet ambitious: to empower people from all walks of life to achieve their financial goals through the power of AI-driven investing.', 'Support On Raising Funds', '2024-02-14 17:02:51', '2024-02-22 02:43:02', 'Secure Platform', NULL, 'Driven by a passion for innovation and a commitment to transparency and integrity.', 'With our transparent approach and proven track record, you can confidently plan and forecast your earnings.', NULL, '1708587654about-11.jpg');

-- --------------------------------------------------------

--
-- Table structure for table `interest`
--

CREATE TABLE `interest` (
  `id` int(11) NOT NULL,
  `name` text DEFAULT NULL,
  `created_at` timestamp NOT NULL DEFAULT current_timestamp(),
  `updated_at` timestamp NULL DEFAULT NULL ON UPDATE current_timestamp()
) ENGINE=MyISAM DEFAULT CHARSET=latin1 COLLATE=latin1_swedish_ci;

--
-- Dumping data for table `interest`
--

INSERT INTO `interest` (`id`, `name`, `created_at`, `updated_at`) VALUES
(1, 'Gaming', '2024-02-17 23:08:28', '2024-02-17 23:08:28'),
(2, 'Fishing', '2024-02-17 23:08:34', '2024-02-17 23:08:34'),
(3, 'Swimming', '2024-02-17 23:08:47', '2024-02-17 23:08:47'),
(4, 'Acting', '2024-02-17 23:08:56', '2024-02-17 23:08:56'),
(5, 'Dancing', '2024-02-17 23:09:03', '2024-02-17 23:09:03');

-- --------------------------------------------------------

--
-- Table structure for table `migrations`
--

CREATE TABLE `migrations` (
  `id` int(10) UNSIGNED NOT NULL,
  `migration` varchar(255) NOT NULL,
  `batch` int(11) NOT NULL
) ENGINE=InnoDB DEFAULT CHARSET=utf8mb4 COLLATE=utf8mb4_general_ci;

--
-- Dumping data for table `migrations`
--

INSERT INTO `migrations` (`id`, `migration`, `batch`) VALUES
(1, '2014_10_12_000000_create_users_table', 1),
(2, '2014_10_12_100000_create_password_reset_tokens_table', 1),
(3, '2014_10_12_100000_create_password_resets_table', 1),
(4, '2019_08_19_000000_create_failed_jobs_table', 1),
(5, '2019_12_14_000001_create_personal_access_tokens_table', 1),
(6, '2019_01_26_221915_create_coinpayment_transactions_table', 2),
(7, '2020_11_30_030150_create_coinpayment_transaction_items_table', 2);

-- --------------------------------------------------------

--
-- Table structure for table `newsletter`
--

CREATE TABLE `newsletter` (
  `id` int(11) NOT NULL,
  `email` text DEFAULT NULL,
  `created_at` timestamp NOT NULL DEFAULT current_timestamp(),
  `updated_at` timestamp NULL DEFAULT NULL ON UPDATE current_timestamp()
) ENGINE=InnoDB DEFAULT CHARSET=utf8mb4 COLLATE=utf8mb4_general_ci;

--
-- Dumping data for table `newsletter`
--

INSERT INTO `newsletter` (`id`, `email`, `created_at`, `updated_at`) VALUES
(9, 'ullahkhateeb913@gmail.com', '2024-02-13 23:42:29', '2024-02-13 23:42:29'),
(10, 'chkhateeb96@gmail.com', '2024-02-15 10:01:42', '2024-02-15 10:01:42');

-- --------------------------------------------------------

--
-- Table structure for table `orders`
--

CREATE TABLE `orders` (
  `id` int(10) UNSIGNED NOT NULL,
  `userid` int(11) NOT NULL,
  `payment_id` text DEFAULT NULL,
  `name` text DEFAULT NULL,
  `email` text DEFAULT NULL,
  `order_id` text DEFAULT NULL,
  `pay_address` text DEFAULT NULL,
  `price_amount` text DEFAULT NULL,
  `payment_status` text DEFAULT NULL,
  `order_description` text DEFAULT NULL,
  `pay_amount` text DEFAULT NULL,
  `pay_currency` text DEFAULT NULL,
  `purchase_id` text DEFAULT NULL,
  `network` text DEFAULT NULL,
  `expiration_estimate_date` text DEFAULT NULL,
  `valid_until` text DEFAULT NULL,
  `ipn_callback_url` text DEFAULT NULL,
  `created_at` timestamp NOT NULL DEFAULT current_timestamp(),
  `updated_at` timestamp NULL DEFAULT NULL
) ENGINE=InnoDB DEFAULT CHARSET=utf8mb4 COLLATE=utf8mb4_unicode_ci;

-- --------------------------------------------------------

--
-- Table structure for table `sliders`
--

CREATE TABLE `sliders` (
  `id` int(11) NOT NULL,
  `heading` text DEFAULT NULL,
  `image` text DEFAULT NULL,
  `subheading` text DEFAULT NULL,
  `created_at` timestamp NOT NULL DEFAULT current_timestamp(),
  `updated_at` timestamp NULL DEFAULT NULL ON UPDATE current_timestamp()
) ENGINE=InnoDB DEFAULT CHARSET=utf8mb4 COLLATE=utf8mb4_general_ci;

--
-- Dumping data for table `sliders`
--

INSERT INTO `sliders` (`id`, `heading`, `image`, `subheading`, `created_at`, `updated_at`) VALUES
(1, 'Empowering Your Financial Future', '1708586156banner-1.jpg', NULL, '2024-02-22 02:15:56', '2024-02-22 02:15:56'),
(2, 'Discover our fixed income offers between 0.66% and 1% per day', '1708586169banner-14.jpg', NULL, '2024-02-22 02:16:09', '2024-02-22 02:18:30'),
(3, 'Transforming Your Investments with Daily Profits', '1708586182banner-15.jpg', NULL, '2024-02-22 02:16:22', '2024-02-22 02:19:09');

-- --------------------------------------------------------

--
-- Table structure for table `subscriptions`
--

CREATE TABLE `subscriptions` (
  `id` int(11) NOT NULL,
  `heading` text DEFAULT NULL,
  `description` text DEFAULT NULL,
  `minimum_price` double NOT NULL DEFAULT 0,
  `maximum_price` double NOT NULL DEFAULT 0,
  `days` text DEFAULT NULL,
  `daily_profit_percentage` float DEFAULT NULL,
  `slug` text DEFAULT NULL,
  `created_at` timestamp NOT NULL DEFAULT current_timestamp(),
  `updated_at` timestamp NULL DEFAULT NULL ON UPDATE current_timestamp()
) ENGINE=InnoDB DEFAULT CHARSET=utf8mb4 COLLATE=utf8mb4_general_ci;

--
-- Dumping data for table `subscriptions`
--

INSERT INTO `subscriptions` (`id`, `heading`, `description`, `minimum_price`, `maximum_price`, `days`, `daily_profit_percentage`, `slug`, `created_at`, `updated_at`) VALUES
(48, 'Basic license', 'Monthly Return: 20%', 25, 500, '365', 0.66, 'basic-plan', '2024-02-22 04:33:31', '2024-02-28 19:36:38'),
(49, 'Pro license', 'Monthly Return: 25%', 501, 1000, '365', 0.83, 'pro-plan', '2024-02-22 04:35:51', '2024-02-28 19:36:24'),
(53, 'Premium license', 'Monthly Return: 30%', 1001, 10000, '365', 1, 'premium-license', '2024-02-28 19:35:35', '2024-02-28 19:35:35');

-- --------------------------------------------------------

--
-- Table structure for table `subscriptions_detail`
--

CREATE TABLE `subscriptions_detail` (
  `id` int(11) NOT NULL,
  `subscriptionid` int(11) NOT NULL,
  `detail` text DEFAULT NULL,
  `icon` text DEFAULT NULL,
  `created_at` timestamp NOT NULL DEFAULT current_timestamp() ON UPDATE current_timestamp(),
  `updated_at` timestamp NULL DEFAULT NULL ON UPDATE current_timestamp()
) ENGINE=InnoDB DEFAULT CHARSET=utf8mb4 COLLATE=utf8mb4_general_ci;

--
-- Dumping data for table `subscriptions_detail`
--

INSERT INTO `subscriptions_detail` (`id`, `subscriptionid`, `detail`, `icon`, `created_at`, `updated_at`) VALUES
(290, 53, 'All features of the Basic Plan', 'fa fa-solid fa fa-check', '2024-02-28 14:35:35', NULL),
(291, 53, 'Daily earnings 1% Per day', 'fa fa-solid fa fa-check', '2024-02-28 14:35:35', NULL),
(292, 53, 'Daily Profit Withdrawals', 'fa fa-solid fa fa-check', '2024-02-28 14:35:35', NULL),
(293, 53, 'Tracking of Investment', 'fa fa-solid fa fa-check', '2024-02-28 14:35:35', NULL),
(294, 49, 'All features of the Basic Plan', 'fa fa-solid fa fa-check', '2024-02-28 14:36:24', NULL),
(295, 49, 'Daily earnings 0.83% Per day', 'fa fa-solid fa fa-check', '2024-02-28 14:36:24', NULL),
(296, 49, 'Daily Profit Withdrawals', 'fa fa-solid fa fa-check', '2024-02-28 14:36:24', NULL),
(297, 49, 'Tracking of Investment', 'fa fa-solid fa fa-check', '2024-02-28 14:36:24', NULL),
(298, 48, 'AI-powered Investment Strategies', 'fa fa-solid fa fa-check', '2024-02-28 14:36:38', NULL),
(299, 48, 'Daily earnings 0.66% Per day', 'fa fa-solid fa fa-check', '2024-02-28 14:36:38', NULL),
(300, 48, 'Daily earnings Withdrawals', 'fa fa-solid fa fa-check', '2024-02-28 14:36:38', NULL),
(301, 48, 'Tracking of Investment', 'fa fa-solid fa fa-times', '2024-02-28 14:36:38', NULL);

-- --------------------------------------------------------

--
-- Table structure for table `subscriptions_history`
--

CREATE TABLE `subscriptions_history` (
  `id` int(11) NOT NULL,
  `orderid` int(10) NOT NULL,
  `subscriptionid` int(11) NOT NULL,
  `subscription_name` text DEFAULT NULL,
  `subscription_price` int(11) DEFAULT NULL,
  `subscription_days` int(11) DEFAULT NULL,
  `daily_profit_percentage` text DEFAULT NULL,
  `purchase_date` date DEFAULT NULL,
  `expiry_date` date DEFAULT NULL,
  `status` enum('active','expired','pending') DEFAULT 'pending',
  `userid` int(11) NOT NULL,
  `name` text DEFAULT NULL,
  `email` text DEFAULT NULL,
  `created_at` timestamp NOT NULL DEFAULT current_timestamp(),
  `updated_at` timestamp NULL DEFAULT NULL ON UPDATE current_timestamp(),
  `deleted_at` timestamp NULL DEFAULT NULL
) ENGINE=InnoDB DEFAULT CHARSET=latin1 COLLATE=latin1_swedish_ci;

-- --------------------------------------------------------

--
-- Table structure for table `testimonials`
--

CREATE TABLE `testimonials` (
  `id` int(11) NOT NULL,
  `image` text DEFAULT NULL,
  `name` text DEFAULT NULL,
  `designation` text DEFAULT NULL,
  `stars` text DEFAULT NULL,
  `message` text DEFAULT NULL,
  `created_at` timestamp NULL DEFAULT current_timestamp(),
  `updated_at` timestamp NULL DEFAULT NULL ON UPDATE current_timestamp()
) ENGINE=InnoDB DEFAULT CHARSET=utf8mb4 COLLATE=utf8mb4_general_ci;

--
-- Dumping data for table `testimonials`
--

INSERT INTO `testimonials` (`id`, `image`, `name`, `designation`, `stars`, `message`, `created_at`, `updated_at`) VALUES
(25, '1708588791project-1.jpg', 'Diverse Investment Options', 'Developer', '5', 'Drama enable wordwide action team whereProcedu Aran Manu Produc Raher ConveneMotin Was Procedur Arramin.', '2024-02-13 12:46:32', '2024-02-22 02:59:51'),
(29, '1708588801project-2.jpg', 'Personalized Investment Plans', NULL, NULL, NULL, '2024-02-22 03:00:01', '2024-02-22 03:00:01'),
(30, '1708588809project-3.jpg', 'Investor Assistance', NULL, NULL, NULL, '2024-02-22 03:00:09', '2024-02-22 03:00:09');

-- --------------------------------------------------------

--
-- Table structure for table `users_login_history`
--

CREATE TABLE `users_login_history` (
  `id` int(11) NOT NULL,
  `email` text DEFAULT NULL,
  `ipaddress` text DEFAULT NULL,
  `last_login` timestamp NULL DEFAULT NULL,
  `type` enum('User','Admin','--') DEFAULT NULL,
  `status` enum('success','failed','Account Not Active / Blocked.') DEFAULT NULL,
  `created_at` timestamp NOT NULL DEFAULT current_timestamp(),
  `updated_at` timestamp NULL DEFAULT NULL ON UPDATE current_timestamp()
) ENGINE=InnoDB DEFAULT CHARSET=utf8mb4 COLLATE=utf8mb4_general_ci;

--
-- Dumping data for table `users_login_history`
--

INSERT INTO `users_login_history` (`id`, `email`, `ipaddress`, `last_login`, `type`, `status`, `created_at`, `updated_at`) VALUES
(1, 'chkhateeb96@gmail.com', '127.0.0.1', '2024-02-23 00:17:52', 'User', 'Account Not Active / Blocked.', '2024-02-23 00:17:52', '2024-02-23 00:17:52'),
(2, 'chkhateeb96@gmail.com', '127.0.0.1', '2024-02-23 00:18:31', 'User', 'Account Not Active / Blocked.', '2024-02-23 00:18:31', '2024-02-23 00:18:31'),
(3, 'chkhateeb96@gmail.com', '127.0.0.1', '2024-02-23 00:18:51', 'User', 'success', '2024-02-23 00:18:52', '2024-02-23 00:18:52'),
(4, 'chkhateeb96@gmail.com', '127.0.0.1', '2024-02-23 02:20:48', 'User', 'success', '2024-02-23 02:20:48', '2024-02-23 02:20:48'),
(5, 'chkhateeb96@gmail.com', '127.0.0.1', '2024-02-23 02:30:12', 'Admin', 'failed', '2024-02-23 02:30:12', '2024-02-23 02:30:12'),
(6, 'admin@gmail.com', '127.0.0.1', '2024-02-23 02:30:16', 'Admin', 'success', '2024-02-23 02:30:16', '2024-02-23 02:30:16'),
(7, 'admin@gmail.com', '127.0.0.1', '2024-02-23 09:23:15', 'Admin', 'success', '2024-02-23 09:23:15', '2024-02-23 09:23:15'),
(8, 'chkhateeb96@gmail.com', '127.0.0.1', '2024-02-23 09:36:25', 'User', 'success', '2024-02-23 09:36:25', '2024-02-23 09:36:25'),
(9, 'chkhateeb96@gmail.com', '39.58.229.212', '2024-02-26 10:10:14', 'User', 'success', '2024-02-26 10:10:14', '2024-02-26 10:10:14'),
(10, 'chkhateeb96@gmail.com', '39.38.247.207', '2024-02-26 16:27:17', 'User', 'success', '2024-02-26 16:27:17', '2024-02-26 16:27:17'),
(11, 'admin@gmail.com', '154.192.138.44', '2024-02-26 18:43:31', 'Admin', 'success', '2024-02-26 18:43:31', '2024-02-26 18:43:31'),
(12, 'chkhateeb96@gmail.com', '154.192.138.44', '2024-02-26 19:08:46', 'User', 'success', '2024-02-26 19:08:46', '2024-02-26 19:08:46'),
(13, 'admin@gmail.com', '39.38.247.207', '2024-02-27 09:44:08', 'Admin', 'success', '2024-02-27 09:44:08', '2024-02-27 09:44:08'),
(14, 'chkhateeb96@gmail.com', '39.38.247.207', '2024-02-27 09:45:14', 'User', 'success', '2024-02-27 09:45:14', '2024-02-27 09:45:14'),
(15, 'Fastoro12@gmail.com', '160.161.223.20', '2024-02-27 17:01:41', 'Admin', 'failed', '2024-02-27 17:01:41', '2024-02-27 17:01:41'),
(16, 'admin@gmail.com', '160.161.223.20', '2024-02-27 17:04:33', 'Admin', 'success', '2024-02-27 17:04:33', '2024-02-27 17:04:33'),
(17, 'admin@gmail.com', '160.161.223.20', '2024-02-27 17:05:24', 'Admin', 'success', '2024-02-27 17:05:24', '2024-02-27 17:05:24'),
(18, 'admin@gmail.com', '154.192.138.44', '2024-02-27 17:16:19', 'Admin', 'success', '2024-02-27 17:16:19', '2024-02-27 17:16:19'),
(19, 'chkhateeb96@gmail.com', '154.192.138.44', '2024-02-27 17:23:43', 'User', 'Account Not Active / Blocked.', '2024-02-27 17:23:43', '2024-02-27 17:23:43'),
(20, 'chkhateeb96@gmail.com', '154.192.138.44', '2024-02-27 17:24:31', 'User', 'failed', '2024-02-27 17:24:31', '2024-02-27 17:24:31'),
(21, 'chkhateeb96@gmail.com', '154.192.138.44', '2024-02-27 17:25:01', 'User', 'success', '2024-02-27 17:25:01', '2024-02-27 17:25:01'),
(22, 'chkhateeb96@gmail.com', '154.192.138.44', '2024-02-27 18:05:21', 'User', 'success', '2024-02-27 18:05:21', '2024-02-27 18:05:21'),
(23, 'chkhateeb96@gmail.com', '154.192.138.44', '2024-02-27 20:25:05', 'User', 'success', '2024-02-27 20:25:05', '2024-02-27 20:25:05'),
(24, 'chkhateeb96@gmail.com', '154.192.138.44', '2024-02-27 21:22:52', 'User', 'success', '2024-02-27 21:22:52', '2024-02-27 21:22:52'),
(25, 'khateeb@gmail.com', '154.192.138.44', '2024-02-27 21:24:16', 'User', 'success', '2024-02-27 21:24:16', '2024-02-27 21:24:16'),
(26, 'chkhateeb96@gmail.com', '154.192.138.44', '2024-02-27 21:27:09', 'User', 'success', '2024-02-27 21:27:09', '2024-02-27 21:27:09'),
(27, 'user@gmail.com', '154.192.138.44', '2024-02-27 21:45:50', 'User', 'success', '2024-02-27 21:45:50', '2024-02-27 21:45:50'),
(28, 'user1@gmail.com', '154.192.138.44', '2024-02-27 22:05:18', 'User', 'success', '2024-02-27 22:05:18', '2024-02-27 22:05:18'),
(29, 'admin@gmail.com', '39.38.247.207', '2024-02-28 10:03:50', 'Admin', 'success', '2024-02-28 10:03:50', '2024-02-28 10:03:50'),
(30, 'user1@gmail.com', '39.38.247.207', '2024-02-28 10:04:11', 'User', 'success', '2024-02-28 10:04:11', '2024-02-28 10:04:11'),
(31, 'user@user.com', '39.38.247.207', '2024-02-28 10:37:52', 'User', 'failed', '2024-02-28 10:37:52', '2024-02-28 10:37:52'),
(32, 'user@gmail.com', '39.38.247.207', '2024-02-28 10:38:10', 'User', 'success', '2024-02-28 10:38:10', '2024-02-28 10:38:10'),
(33, 'admin@gmail.com', '39.38.247.207', '2024-02-28 13:05:58', 'Admin', 'success', '2024-02-28 13:05:58', '2024-02-28 13:05:58'),
(34, 'user10@gmail.com', '39.38.247.207', '2024-02-28 13:06:32', 'User', 'success', '2024-02-28 13:06:32', '2024-02-28 13:06:32'),
(35, 'user11@gmail.com', '39.38.247.207', '2024-02-28 13:08:16', 'User', 'success', '2024-02-28 13:08:16', '2024-02-28 13:08:16'),
(36, 'user2@gmail.com', '39.38.247.207', '2024-02-28 15:26:08', 'User', 'success', '2024-02-28 15:26:08', '2024-02-28 15:26:08'),
(37, 'user1@gmail.com', '39.38.247.207', '2024-02-28 16:07:04', 'User', 'success', '2024-02-28 16:07:04', '2024-02-28 16:07:04'),
(38, 'admin@gmail.com', '154.192.139.44', '2024-02-28 19:00:33', 'Admin', 'success', '2024-02-28 19:00:33', '2024-02-28 19:00:33'),
(39, 'user1@gmail.com', '154.192.139.44', '2024-02-28 19:00:58', 'User', 'success', '2024-02-28 19:00:58', '2024-02-28 19:00:58'),
(40, 'user2@gmail.com', '154.192.139.44', '2024-02-28 19:07:46', 'User', 'success', '2024-02-28 19:07:46', '2024-02-28 19:07:46'),
(41, 'user1@gmail.com', '154.192.139.44', '2024-02-28 19:11:02', 'User', 'success', '2024-02-28 19:11:02', '2024-02-28 19:11:02'),
(42, 'user2@gmail.com', '154.192.139.44', '2024-02-28 19:12:03', 'User', 'success', '2024-02-28 19:12:03', '2024-02-28 19:12:03'),
(43, 'user3@gmail.com', '154.192.139.44', '2024-02-28 19:14:18', 'User', 'success', '2024-02-28 19:14:18', '2024-02-28 19:14:18'),
(44, 'user1@gmail.com', '154.192.139.44', '2024-02-28 19:16:45', 'User', 'success', '2024-02-28 19:16:45', '2024-02-28 19:16:45'),
(45, 'user2@gmail.com', '154.192.139.44', '2024-02-28 19:17:29', 'User', 'success', '2024-02-28 19:17:29', '2024-02-28 19:17:29'),
(46, 'user2@gmail.com', '154.192.139.44', '2024-02-28 19:37:19', 'User', 'success', '2024-02-28 19:37:19', '2024-02-28 19:37:19'),
(47, 'user1@gmail.com', '154.192.139.44', '2024-02-28 20:33:00', 'User', 'success', '2024-02-28 20:33:00', '2024-02-28 20:33:00'),
(48, 'chkhateeb96@gmail.com', '154.192.139.44', '2024-02-28 21:22:05', 'User', 'success', '2024-02-28 21:22:05', '2024-02-28 21:22:05');

-- --------------------------------------------------------

--
-- Table structure for table `user_balance`
--

CREATE TABLE `user_balance` (
  `id` int(11) NOT NULL,
  `userid` int(11) NOT NULL,
  `heading` text DEFAULT NULL,
  `price` float DEFAULT NULL,
  `type` enum('Registration bonus','profit','Affiliate/Residual Bonus') DEFAULT NULL,
  `subscriptionid` text DEFAULT NULL,
  `created_at` timestamp NOT NULL DEFAULT current_timestamp(),
  `updated_at` timestamp NULL DEFAULT NULL ON UPDATE current_timestamp()
) ENGINE=InnoDB DEFAULT CHARSET=utf8mb4 COLLATE=utf8mb4_general_ci;

-- --------------------------------------------------------

--
-- Table structure for table `user_lifestyle`
--

CREATE TABLE `user_lifestyle` (
  `id` int(11) NOT NULL,
  `userid` int(11) NOT NULL,
  `Interest` text DEFAULT NULL,
  `favorite_vocations_spot` text DEFAULT NULL,
  `smoking` text DEFAULT NULL,
  `languages` text DEFAULT NULL,
  `created_at` timestamp NOT NULL DEFAULT current_timestamp(),
  `updated_at` timestamp NULL DEFAULT NULL ON UPDATE current_timestamp()
) ENGINE=MyISAM DEFAULT CHARSET=latin1 COLLATE=latin1_swedish_ci;

-- --------------------------------------------------------

--
-- Table structure for table `user_wallet_address`
--

CREATE TABLE `user_wallet_address` (
  `id` int(11) NOT NULL,
  `userid` int(11) NOT NULL,
  `label` text DEFAULT NULL,
  `address` text DEFAULT NULL,
  `created_at` timestamp NOT NULL DEFAULT current_timestamp(),
  `updated_at` timestamp NULL DEFAULT NULL ON UPDATE current_timestamp()
) ENGINE=InnoDB DEFAULT CHARSET=utf8mb4 COLLATE=utf8mb4_general_ci;

-- --------------------------------------------------------

--
-- Table structure for table `user_withdraw_history`
--

CREATE TABLE `user_withdraw_history` (
  `id` int(11) NOT NULL,
  `userid` int(11) NOT NULL,
  `amount` float DEFAULT NULL,
  `status` enum('pending','paid') DEFAULT 'pending',
  `created_at` timestamp NOT NULL DEFAULT current_timestamp(),
  `updated_at` timestamp NULL DEFAULT NULL ON UPDATE current_timestamp()
) ENGINE=InnoDB DEFAULT CHARSET=utf8mb4 COLLATE=utf8mb4_general_ci;

-- --------------------------------------------------------

--
-- Table structure for table `website_pages`
--

CREATE TABLE `website_pages` (
  `id` int(11) NOT NULL,
  `home` text DEFAULT NULL,
  `trivia` text DEFAULT NULL,
  `karaoke` text DEFAULT NULL,
  `karaoke_1` text DEFAULT NULL,
  `djservices_text` text DEFAULT NULL,
  `dj_services` text DEFAULT NULL,
  `created_at` timestamp NOT NULL DEFAULT current_timestamp(),
  `updated_at` timestamp NULL DEFAULT NULL ON UPDATE current_timestamp(),
  `deleted_at` timestamp NULL DEFAULT NULL
) ENGINE=InnoDB DEFAULT CHARSET=latin1 COLLATE=latin1_swedish_ci;

--
-- Dumping data for table `website_pages`
--

INSERT INTO `website_pages` (`id`, `home`, `trivia`, `karaoke`, `karaoke_1`, `djservices_text`, `dj_services`, `created_at`, `updated_at`, `deleted_at`) VALUES
(252, 'I provide fun and entertainment for any<br>occasion. No sound system? NO PROBLEM!<br>I can provide speakers for both large<br>and small events along with lights haze<br>and even tv’s or projectors.<br>I keep your guests engaged and entertained<br>Look no further than DJ Kermit.', 'When playing our interactive trivia show<br>please observe all house and show rules.<br><br>', 'Click the KARAOKE LIST link below to see our entire library<br><br>We are constantly updating our library,<br>for the latest additions please<br>see your karaoke host.<br>', 'KARAOKE LIST', 'I have experience DJing a verity of events<br>and keep your crowd engaged<br>and entertained from the start!<br>Want more information click that<br>book now button.<br>', 'Weddings and Receptions', '2024-01-05 10:44:25', '2024-01-09 05:21:28', NULL);

-- --------------------------------------------------------

--
-- Table structure for table `website_setting`
--

CREATE TABLE `website_setting` (
  `id` int(11) NOT NULL,
  `team` enum('0','1') NOT NULL DEFAULT '1',
  `running_question_no` int(11) NOT NULL DEFAULT 0,
  `answer_page` enum('0','1','2') NOT NULL DEFAULT '0',
  `team_answers_page_on_website` enum('0','1') NOT NULL DEFAULT '0',
  `message_from_host` text DEFAULT NULL,
  `pricing_heading` text DEFAULT NULL,
  `created_at` timestamp NOT NULL DEFAULT current_timestamp(),
  `updated_at` timestamp NULL DEFAULT NULL ON UPDATE current_timestamp()
) ENGINE=InnoDB DEFAULT CHARSET=utf8mb4 COLLATE=utf8mb4_general_ci;

--
-- Dumping data for table `website_setting`
--

INSERT INTO `website_setting` (`id`, `team`, `running_question_no`, `answer_page`, `team_answers_page_on_website`, `message_from_host`, `pricing_heading`, `created_at`, `updated_at`) VALUES
(1, '0', 0, '0', '0', NULL, 'It\'s based on artificial intelligence, a financial algorithm that can generate between 20/25% per month and bring in profits every day.', '2023-04-03 17:12:11', '2024-02-22 05:07:29');

--
-- Indexes for dumped tables
--

--
-- Indexes for table `aboutus_page`
--
ALTER TABLE `aboutus_page`
  ADD PRIMARY KEY (`id`);

--
-- Indexes for table `banner`
--
ALTER TABLE `banner`
  ADD PRIMARY KEY (`id`);

--
-- Indexes for table `blogcategories`
--
ALTER TABLE `blogcategories`
  ADD PRIMARY KEY (`id`);

--
-- Indexes for table `blogs`
--
ALTER TABLE `blogs`
  ADD PRIMARY KEY (`id`),
  ADD KEY `category` (`category`);

--
-- Indexes for table `blogs_tags`
--
ALTER TABLE `blogs_tags`
  ADD PRIMARY KEY (`id`),
  ADD KEY `blogid` (`blogid`);

--
-- Indexes for table `blog_images`
--
ALTER TABLE `blog_images`
  ADD PRIMARY KEY (`id`),
  ADD KEY `blogid` (`blogid`);

--
-- Indexes for table `careers`
--
ALTER TABLE `careers`
  ADD PRIMARY KEY (`id`),
  ADD KEY `userid` (`phone`(768));

--
-- Indexes for table `contact_messages`
--
ALTER TABLE `contact_messages`
  ADD PRIMARY KEY (`id`);

--
-- Indexes for table `counter`
--
ALTER TABLE `counter`
  ADD PRIMARY KEY (`id`),
  ADD KEY `answerid` (`main_heading`(768));

--
-- Indexes for table `countries`
--
ALTER TABLE `countries`
  ADD PRIMARY KEY (`id`);

--
-- Indexes for table `failed_jobs`
--
ALTER TABLE `failed_jobs`
  ADD PRIMARY KEY (`id`),
  ADD UNIQUE KEY `failed_jobs_uuid_unique` (`uuid`);

--
-- Indexes for table `faqs`
--
ALTER TABLE `faqs`
  ADD PRIMARY KEY (`id`);

--
-- Indexes for table `how_it_work`
--
ALTER TABLE `how_it_work`
  ADD PRIMARY KEY (`id`),
  ADD KEY `answerid` (`main_heading`(768));

--
-- Indexes for table `interest`
--
ALTER TABLE `interest`
  ADD PRIMARY KEY (`id`);

--
-- Indexes for table `migrations`
--
ALTER TABLE `migrations`
  ADD PRIMARY KEY (`id`);

--
-- Indexes for table `newsletter`
--
ALTER TABLE `newsletter`
  ADD PRIMARY KEY (`id`);

--
-- Indexes for table `orders`
--
ALTER TABLE `orders`
  ADD PRIMARY KEY (`id`),
  ADD KEY `userid` (`userid`);

--
-- Indexes for table `sliders`
--
ALTER TABLE `sliders`
  ADD PRIMARY KEY (`id`);

--
-- Indexes for table `subscriptions`
--
ALTER TABLE `subscriptions`
  ADD PRIMARY KEY (`id`);

--
-- Indexes for table `subscriptions_detail`
--
ALTER TABLE `subscriptions_detail`
  ADD PRIMARY KEY (`id`),
  ADD KEY `subscriptionid` (`subscriptionid`);

--
-- Indexes for table `subscriptions_history`
--
ALTER TABLE `subscriptions_history`
  ADD PRIMARY KEY (`id`),
  ADD KEY `userid` (`userid`),
  ADD KEY `subscriptionid` (`subscriptionid`);

--
-- Indexes for table `testimonials`
--
ALTER TABLE `testimonials`
  ADD PRIMARY KEY (`id`);

--
-- Indexes for table `users_login_history`
--
ALTER TABLE `users_login_history`
  ADD PRIMARY KEY (`id`);

--
-- Indexes for table `user_balance`
--
ALTER TABLE `user_balance`
  ADD PRIMARY KEY (`id`),
  ADD KEY `user_balance_ibfk_1` (`userid`);

--
-- Indexes for table `user_lifestyle`
--
ALTER TABLE `user_lifestyle`
  ADD PRIMARY KEY (`id`);

--
-- Indexes for table `user_wallet_address`
--
ALTER TABLE `user_wallet_address`
  ADD PRIMARY KEY (`id`),
  ADD KEY `userid` (`userid`);

--
-- Indexes for table `user_withdraw_history`
--
ALTER TABLE `user_withdraw_history`
  ADD PRIMARY KEY (`id`),
  ADD KEY `userid` (`userid`);

--
-- Indexes for table `website_pages`
--
ALTER TABLE `website_pages`
  ADD PRIMARY KEY (`id`);

--
-- Indexes for table `website_setting`
--
ALTER TABLE `website_setting`
  ADD PRIMARY KEY (`id`);

--
-- AUTO_INCREMENT for dumped tables
--

--
-- AUTO_INCREMENT for table `aboutus_page`
--
ALTER TABLE `aboutus_page`
  MODIFY `id` int(11) NOT NULL AUTO_INCREMENT, AUTO_INCREMENT=2;

--
-- AUTO_INCREMENT for table `banner`
--
ALTER TABLE `banner`
  MODIFY `id` int(11) NOT NULL AUTO_INCREMENT, AUTO_INCREMENT=2;

--
-- AUTO_INCREMENT for table `blogcategories`
--
ALTER TABLE `blogcategories`
  MODIFY `id` int(11) NOT NULL AUTO_INCREMENT, AUTO_INCREMENT=34;

--
-- AUTO_INCREMENT for table `blogs`
--
ALTER TABLE `blogs`
  MODIFY `id` int(11) NOT NULL AUTO_INCREMENT, AUTO_INCREMENT=74;

--
-- AUTO_INCREMENT for table `blogs_tags`
--
ALTER TABLE `blogs_tags`
  MODIFY `id` int(11) NOT NULL AUTO_INCREMENT, AUTO_INCREMENT=1488;

--
-- AUTO_INCREMENT for table `blog_images`
--
ALTER TABLE `blog_images`
  MODIFY `id` int(11) NOT NULL AUTO_INCREMENT, AUTO_INCREMENT=81;

--
-- AUTO_INCREMENT for table `careers`
--
ALTER TABLE `careers`
  MODIFY `id` int(11) NOT NULL AUTO_INCREMENT, AUTO_INCREMENT=2293;

--
-- AUTO_INCREMENT for table `contact_messages`
--
ALTER TABLE `contact_messages`
  MODIFY `id` int(11) NOT NULL AUTO_INCREMENT, AUTO_INCREMENT=59;

--
-- AUTO_INCREMENT for table `counter`
--
ALTER TABLE `counter`
  MODIFY `id` int(11) NOT NULL AUTO_INCREMENT, AUTO_INCREMENT=2;

--
-- AUTO_INCREMENT for table `countries`
--
ALTER TABLE `countries`
  MODIFY `id` int(11) NOT NULL AUTO_INCREMENT, AUTO_INCREMENT=238;

--
-- AUTO_INCREMENT for table `failed_jobs`
--
ALTER TABLE `failed_jobs`
  MODIFY `id` bigint(20) UNSIGNED NOT NULL AUTO_INCREMENT;

--
-- AUTO_INCREMENT for table `faqs`
--
ALTER TABLE `faqs`
  MODIFY `id` int(11) NOT NULL AUTO_INCREMENT, AUTO_INCREMENT=26;

--
-- AUTO_INCREMENT for table `how_it_work`
--
ALTER TABLE `how_it_work`
  MODIFY `id` int(11) NOT NULL AUTO_INCREMENT, AUTO_INCREMENT=797;

--
-- AUTO_INCREMENT for table `interest`
--
ALTER TABLE `interest`
  MODIFY `id` int(11) NOT NULL AUTO_INCREMENT, AUTO_INCREMENT=8;

--
-- AUTO_INCREMENT for table `migrations`
--
ALTER TABLE `migrations`
  MODIFY `id` int(10) UNSIGNED NOT NULL AUTO_INCREMENT, AUTO_INCREMENT=8;

--
-- AUTO_INCREMENT for table `newsletter`
--
ALTER TABLE `newsletter`
  MODIFY `id` int(11) NOT NULL AUTO_INCREMENT, AUTO_INCREMENT=11;

--
-- AUTO_INCREMENT for table `orders`
--
ALTER TABLE `orders`
  MODIFY `id` int(10) UNSIGNED NOT NULL AUTO_INCREMENT, AUTO_INCREMENT=49;

--
-- AUTO_INCREMENT for table `sliders`
--
ALTER TABLE `sliders`
  MODIFY `id` int(11) NOT NULL AUTO_INCREMENT, AUTO_INCREMENT=4;

--
-- AUTO_INCREMENT for table `subscriptions`
--
ALTER TABLE `subscriptions`
  MODIFY `id` int(11) NOT NULL AUTO_INCREMENT, AUTO_INCREMENT=54;

--
-- AUTO_INCREMENT for table `subscriptions_detail`
--
ALTER TABLE `subscriptions_detail`
  MODIFY `id` int(11) NOT NULL AUTO_INCREMENT, AUTO_INCREMENT=302;

--
-- AUTO_INCREMENT for table `subscriptions_history`
--
ALTER TABLE `subscriptions_history`
  MODIFY `id` int(11) NOT NULL AUTO_INCREMENT, AUTO_INCREMENT=364;

--
-- AUTO_INCREMENT for table `testimonials`
--
ALTER TABLE `testimonials`
  MODIFY `id` int(11) NOT NULL AUTO_INCREMENT, AUTO_INCREMENT=31;

--
-- AUTO_INCREMENT for table `users_login_history`
--
ALTER TABLE `users_login_history`
  MODIFY `id` int(11) NOT NULL AUTO_INCREMENT, AUTO_INCREMENT=49;

--
-- AUTO_INCREMENT for table `user_balance`
--
ALTER TABLE `user_balance`
  MODIFY `id` int(11) NOT NULL AUTO_INCREMENT, AUTO_INCREMENT=414;

--
-- AUTO_INCREMENT for table `user_lifestyle`
--
ALTER TABLE `user_lifestyle`
  MODIFY `id` int(11) NOT NULL AUTO_INCREMENT, AUTO_INCREMENT=10;

--
-- AUTO_INCREMENT for table `user_wallet_address`
--
ALTER TABLE `user_wallet_address`
  MODIFY `id` int(11) NOT NULL AUTO_INCREMENT, AUTO_INCREMENT=2;

--
-- AUTO_INCREMENT for table `user_withdraw_history`
--
ALTER TABLE `user_withdraw_history`
  MODIFY `id` int(11) NOT NULL AUTO_INCREMENT, AUTO_INCREMENT=10;

--
-- AUTO_INCREMENT for table `website_pages`
--
ALTER TABLE `website_pages`
  MODIFY `id` int(11) NOT NULL AUTO_INCREMENT, AUTO_INCREMENT=253;

--
-- AUTO_INCREMENT for table `website_setting`
--
ALTER TABLE `website_setting`
  MODIFY `id` int(11) NOT NULL AUTO_INCREMENT, AUTO_INCREMENT=2;

--
-- Constraints for dumped tables
--

--
-- Constraints for table `orders`
--
ALTER TABLE `orders`
  ADD CONSTRAINT `orders_ibfk_1` FOREIGN KEY (`userid`) REFERENCES `users` (`id`) ON DELETE CASCADE ON UPDATE CASCADE;

--
-- Constraints for table `subscriptions_detail`
--
ALTER TABLE `subscriptions_detail`
  ADD CONSTRAINT `subscriptions_detail_ibfk_1` FOREIGN KEY (`subscriptionid`) REFERENCES `subscriptions` (`id`) ON DELETE CASCADE ON UPDATE CASCADE;

--
-- Constraints for table `subscriptions_history`
--
ALTER TABLE `subscriptions_history`
  ADD CONSTRAINT `subscriptions_history_ibfk_1` FOREIGN KEY (`userid`) REFERENCES `users` (`id`) ON DELETE CASCADE ON UPDATE CASCADE,
  ADD CONSTRAINT `subscriptions_history_ibfk_2` FOREIGN KEY (`subscriptionid`) REFERENCES `subscriptions` (`id`) ON DELETE CASCADE ON UPDATE CASCADE;

--
-- Constraints for table `user_balance`
--
ALTER TABLE `user_balance`
  ADD CONSTRAINT `user_balance_ibfk_1` FOREIGN KEY (`userid`) REFERENCES `users` (`id`) ON DELETE CASCADE ON UPDATE CASCADE;

--
-- Constraints for table `user_wallet_address`
--
ALTER TABLE `user_wallet_address`
  ADD CONSTRAINT `user_wallet_address_ibfk_1` FOREIGN KEY (`userid`) REFERENCES `users` (`id`) ON DELETE CASCADE ON UPDATE CASCADE;

--
-- Constraints for table `user_withdraw_history`
--
ALTER TABLE `user_withdraw_history`
  ADD CONSTRAINT `user_withdraw_history_ibfk_1` FOREIGN KEY (`userid`) REFERENCES `users` (`id`) ON DELETE CASCADE ON UPDATE CASCADE;
COMMIT;

